Last updated on 2025-05-06 03:51:11 CEST.
Flavor | Version | Tinstall | Tcheck | Ttotal | Status | Flags |
---|---|---|---|---|---|---|
r-devel-linux-x86_64-debian-clang | 0.11.0 | 6.01 | 182.07 | 188.08 | NOTE | |
r-devel-linux-x86_64-debian-gcc | 0.11.0 | 3.93 | 119.03 | 122.96 | NOTE | |
r-devel-linux-x86_64-fedora-clang | 0.11.0 | 293.92 | NOTE | |||
r-devel-linux-x86_64-fedora-gcc | 0.11.0 | 296.44 | NOTE | |||
r-devel-windows-x86_64 | 0.11.0 | 7.00 | 166.00 | 173.00 | NOTE | |
r-patched-linux-x86_64 | 0.11.0 | 5.35 | 172.11 | 177.46 | NOTE | |
r-release-linux-x86_64 | 0.11.0 | 4.97 | 174.97 | 179.94 | NOTE | |
r-release-macos-arm64 | 0.11.0 | 87.00 | NOTE | |||
r-release-macos-x86_64 | 0.11.0 | 167.00 | NOTE | |||
r-release-windows-x86_64 | 0.11.0 | 7.00 | 167.00 | 174.00 | NOTE | |
r-oldrel-macos-arm64 | 0.11.0 | 92.00 | OK | |||
r-oldrel-macos-x86_64 | 0.11.0 | 166.00 | OK | |||
r-oldrel-windows-x86_64 | 0.11.0 | 8.00 | 223.00 | 231.00 | OK |
Version: 0.11.0
Check: DESCRIPTION meta-information
Result: NOTE
Missing dependency on R >= 4.2.0 because package code uses the pipe
placeholder syntax added in R 4.2.0.
File(s) using such syntax:
‘estimate_risk.Rd’
Flavors: r-devel-linux-x86_64-debian-clang, r-devel-linux-x86_64-debian-gcc, r-devel-linux-x86_64-fedora-clang, r-devel-linux-x86_64-fedora-gcc, r-devel-windows-x86_64, r-patched-linux-x86_64, r-release-linux-x86_64, r-release-macos-arm64, r-release-macos-x86_64, r-release-windows-x86_64