CRAN Package Check Results for Package primefactr

Last updated on 2025-05-07 03:51:10 CEST.

Flavor Version Tinstall Tcheck Ttotal Status Flags
r-devel-linux-x86_64-debian-clang 0.1.1 1.64 25.51 27.15 NOTE
r-devel-linux-x86_64-debian-gcc 0.1.1 1.36 19.69 21.05 NOTE
r-devel-linux-x86_64-fedora-clang 0.1.1 40.99 OK
r-devel-linux-x86_64-fedora-gcc 0.1.1 39.19 OK
r-devel-windows-x86_64 0.1.1 3.00 47.00 50.00 OK
r-patched-linux-x86_64 0.1.1 1.61 23.38 24.99 OK
r-release-linux-x86_64 0.1.1 1.56 24.43 25.99 OK
r-release-macos-arm64 0.1.1 19.00 OK
r-release-macos-x86_64 0.1.1 34.00 OK
r-release-windows-x86_64 0.1.1 2.00 49.00 51.00 OK
r-oldrel-macos-arm64 0.1.1 18.00 NOTE
r-oldrel-macos-x86_64 0.1.1 31.00 NOTE
r-oldrel-windows-x86_64 0.1.1 3.00 53.00 56.00 NOTE

Check Details

Version: 0.1.1
Check: CRAN incoming feasibility
Result: NOTE Maintainer: ‘Florian Privé <florian.prive.21@gmail.com>’ Found the following (possibly) invalid file URIs: URI: commits/master From: README.md URI: /commits/master From: README.md Flavors: r-devel-linux-x86_64-debian-clang, r-devel-linux-x86_64-debian-gcc

Version: 0.1.1
Check: LazyData
Result: NOTE 'LazyData' is specified without a 'data' directory Flavors: r-oldrel-macos-arm64, r-oldrel-macos-x86_64, r-oldrel-windows-x86_64