Last updated on 2025-10-31 02:50:39 CET.
| Flavor | Version | Tinstall | Tcheck | Ttotal | Status | Flags | 
|---|---|---|---|---|---|---|
| r-devel-linux-x86_64-debian-clang | 0.1 | 3.69 | 37.05 | 40.74 | NOTE | |
| r-devel-linux-x86_64-debian-gcc | 0.1 | 2.48 | 28.03 | 30.51 | NOTE | |
| r-devel-linux-x86_64-fedora-clang | 0.1 | 62.73 | OK | |||
| r-devel-linux-x86_64-fedora-gcc | 0.1 | 72.90 | OK | |||
| r-devel-windows-x86_64 | 0.1 | 7.00 | 52.00 | 59.00 | OK | |
| r-patched-linux-x86_64 | 0.1 | 3.20 | 34.50 | 37.70 | OK | |
| r-release-linux-x86_64 | 0.1 | 3.64 | 34.20 | 37.84 | OK | |
| r-release-macos-arm64 | 0.1 | 2.00 | 26.00 | 28.00 | OK | |
| r-release-macos-x86_64 | 0.1 | 3.00 | 83.00 | 86.00 | OK | |
| r-release-windows-x86_64 | 0.1 | 7.00 | 53.00 | 60.00 | OK | |
| r-oldrel-macos-arm64 | 0.1 | 2.00 | 25.00 | 27.00 | OK | |
| r-oldrel-macos-x86_64 | 0.1 | 3.00 | 37.00 | 40.00 | OK | |
| r-oldrel-windows-x86_64 | 0.1 | 8.00 | 66.00 | 74.00 | OK | 
Version: 0.1
Check: CRAN incoming feasibility
Result: NOTE
  Maintainer: ‘Nadine Fischoff <nadine.khattak@gmail.com>’
  
  No Authors@R field in DESCRIPTION.
  Please add one, modifying
    Authors@R: person(given = "Nadine",
                      family = "Fischoff",
                      role = c("aut", "cre"),
                      email = "nadine.khattak@gmail.com")
  as necessary.
  
  Found the following \keyword or \concept entries
  which likely give several index terms:
    File ‘getBills.Rd’:
      \keyword{api,}
      \keyword{congress,}
      \keyword{propublica,}
Flavors: r-devel-linux-x86_64-debian-clang, r-devel-linux-x86_64-debian-gcc