Last updated on 2025-05-04 03:51:02 CEST.
Flavor | Version | Tinstall | Tcheck | Ttotal | Status | Flags |
---|---|---|---|---|---|---|
r-devel-linux-x86_64-debian-clang | 0.3-5 | 7.03 | 57.41 | 64.44 | NOTE | |
r-devel-linux-x86_64-debian-gcc | 0.3-5 | 4.79 | 39.67 | 44.46 | NOTE | |
r-devel-linux-x86_64-fedora-clang | 0.3-5 | 87.57 | NOTE | |||
r-devel-linux-x86_64-fedora-gcc | 0.3-5 | 90.78 | NOTE | |||
r-devel-windows-x86_64 | 0.3-5 | 9.00 | 72.00 | 81.00 | NOTE | |
r-patched-linux-x86_64 | 0.3-5 | 6.29 | 50.84 | 57.13 | NOTE | |
r-release-linux-x86_64 | NOTE | |||||
r-release-macos-arm64 | 0.3-5 | 29.00 | NOTE | |||
r-release-macos-x86_64 | 0.3-5 | 49.00 | NOTE | |||
r-release-windows-x86_64 | 0.3-5 | 8.00 | 70.00 | 78.00 | NOTE | |
r-oldrel-macos-arm64 | 0.3-5 | 27.00 | NOTE | |||
r-oldrel-macos-x86_64 | 0.3-5 | 52.00 | NOTE | |||
r-oldrel-windows-x86_64 | 0.3-5 | 11.00 | 85.00 | 96.00 | NOTE |
Version: 0.3-5
Check: CRAN incoming feasibility
Result: NOTE
Maintainer: ‘Christopher David Desjardins <cddesjardins@gmail.com>’
No Authors@R field in DESCRIPTION.
Please add one, modifying
Authors@R: c(person(given = "Okan",
family = "Bulut",
role = "aut",
email = "okanbulut84@gmail.com"),
person(given = c("Christopher", "David"),
family = "Desjardins",
role = c("aut", "cre"),
email = "cddesjardins@gmail.com"))
as necessary.
Flavors: r-devel-linux-x86_64-debian-clang, r-devel-linux-x86_64-debian-gcc
Version: 0.3-5
Check: Rd files
Result: NOTE
checkRd: (-1) PS.Rd:9: Lost braces
9 | \item{CD}{}{Character disorder scale score}
| ^
Flavors: r-devel-linux-x86_64-debian-clang, r-devel-linux-x86_64-debian-gcc, r-devel-linux-x86_64-fedora-clang, r-devel-linux-x86_64-fedora-gcc, r-devel-windows-x86_64, r-patched-linux-x86_64, r-release-linux-x86_64, r-release-macos-arm64, r-release-macos-x86_64, r-release-windows-x86_64, r-oldrel-macos-arm64, r-oldrel-macos-x86_64, r-oldrel-windows-x86_64