CRAN Package Check Results for Package pspearman

Last updated on 2025-05-04 03:51:02 CEST.

Flavor Version Tinstall Tcheck Ttotal Status Flags
r-devel-linux-x86_64-debian-clang 0.3-1 2.29 16.96 19.25 NOTE
r-devel-linux-x86_64-debian-gcc 0.3-1 1.74 14.07 15.81 NOTE
r-devel-linux-x86_64-fedora-clang 0.3-1 30.99 NOTE
r-devel-linux-x86_64-fedora-gcc 0.3-1 28.81 NOTE
r-devel-windows-x86_64 0.3-1 5.00 37.00 42.00 OK
r-patched-linux-x86_64 0.3-1 2.25 16.77 19.02 OK
r-release-linux-x86_64 OK
r-release-macos-arm64 0.3-1 15.00 OK
r-release-macos-x86_64 0.3-1 23.00 OK
r-release-windows-x86_64 0.3-1 5.00 39.00 44.00 OK
r-oldrel-macos-arm64 0.3-1 15.00 OK
r-oldrel-macos-x86_64 0.3-1 22.00 OK
r-oldrel-windows-x86_64 0.3-1 4.00 36.00 40.00 OK

Check Details

Version: 0.3-1
Check: CRAN incoming feasibility
Result: NOTE Maintainer: ‘Petr Savicky <savicky@cs.cas.cz>’ No Authors@R field in DESCRIPTION. Please add one, modifying Authors@R: person(given = "Petr", family = "Savicky", role = c("aut", "cre"), email = "savicky@cs.cas.cz") as necessary. Flavors: r-devel-linux-x86_64-debian-clang, r-devel-linux-x86_64-debian-gcc

Version: 0.3-1
Check: compiled code
Result: NOTE File ‘pspearman/libs/pspearman.so’: Found no calls to: ‘R_registerRoutines’, ‘R_useDynamicSymbols’ It is good practice to register native routines and to disable symbol search. See ‘Writing portable packages’ in the ‘Writing R Extensions’ manual. Flavors: r-devel-linux-x86_64-fedora-clang, r-devel-linux-x86_64-fedora-gcc