Last updated on 2025-10-31 02:50:39 CET.
| Flavor | Version | Tinstall | Tcheck | Ttotal | Status | Flags | 
|---|---|---|---|---|---|---|
| r-devel-linux-x86_64-debian-clang | 0.3.2 | 54.23 | 145.30 | 199.53 | OK | |
| r-devel-linux-x86_64-debian-gcc | 0.3.2 | 46.31 | 106.78 | 153.09 | OK | |
| r-devel-linux-x86_64-fedora-clang | 0.3.2 | 103.00 | 220.15 | 323.15 | OK | |
| r-devel-linux-x86_64-fedora-gcc | 0.3.2 | 111.00 | 270.71 | 381.71 | OK | |
| r-devel-windows-x86_64 | 0.3.2 | 66.00 | 183.00 | 249.00 | OK | |
| r-patched-linux-x86_64 | 0.3.2 | 61.57 | 145.37 | 206.94 | OK | |
| r-release-linux-x86_64 | 0.3.2 | 58.75 | 145.67 | 204.42 | OK | |
| r-release-macos-arm64 | 0.3.2 | 26.00 | 43.00 | 69.00 | OK | |
| r-release-macos-x86_64 | 0.3.2 | 32.00 | 83.00 | 115.00 | OK | |
| r-release-windows-x86_64 | 0.3.2 | 65.00 | 188.00 | 253.00 | OK | |
| r-oldrel-macos-arm64 | 0.3.2 | 24.00 | 38.00 | 62.00 | NOTE | |
| r-oldrel-macos-x86_64 | 0.3.2 | 29.00 | 90.00 | 119.00 | NOTE | |
| r-oldrel-windows-x86_64 | 0.3.2 | 81.00 | 233.00 | 314.00 | OK | 
Version: 0.3.2
Check: installed package size
Result: NOTE
    installed size is 11.4Mb
    sub-directories of 1Mb or more:
      libs  10.7Mb
Flavors: r-oldrel-macos-arm64, r-oldrel-macos-x86_64