Last updated on 2025-05-06 03:51:12 CEST.
Flavor | Version | Tinstall | Tcheck | Ttotal | Status | Flags |
---|---|---|---|---|---|---|
r-devel-linux-x86_64-debian-clang | 1.0.4 | 9.00 | 101.12 | 110.12 | NOTE | |
r-devel-linux-x86_64-debian-gcc | 1.0.4 | 6.23 | 72.01 | 78.24 | NOTE | |
r-devel-linux-x86_64-fedora-clang | 1.0.4 | 169.67 | NOTE | |||
r-devel-linux-x86_64-fedora-gcc | 1.0.4 | 177.39 | NOTE | |||
r-devel-windows-x86_64 | 1.0.4 | 24.00 | 112.00 | 136.00 | NOTE | |
r-patched-linux-x86_64 | 1.0.4 | 9.68 | 94.40 | 104.08 | NOTE | |
r-release-linux-x86_64 | 1.0.4 | 7.74 | 94.85 | 102.59 | NOTE | |
r-release-macos-arm64 | 1.0.4 | 68.00 | NOTE | |||
r-release-macos-x86_64 | 1.0.4 | 131.00 | NOTE | |||
r-release-windows-x86_64 | 1.0.4 | 26.00 | 112.00 | 138.00 | NOTE | |
r-oldrel-macos-arm64 | 1.0.4 | 59.00 | OK | |||
r-oldrel-macos-x86_64 | 1.0.4 | 167.00 | OK | |||
r-oldrel-windows-x86_64 | 1.0.4 | 28.00 | 137.00 | 165.00 | OK |
Version: 1.0.4
Check: DESCRIPTION meta-information
Result: NOTE
Author field differs from that derived from Authors@R
Author: ‘Hadley Wickham [aut, cre] (<https://orcid.org/0000-0003-4757-117X>), Lionel Henry [aut], Posit Software, PBC [cph, fnd] (03wc8by49)’
Authors@R: ‘Hadley Wickham [aut, cre] (ORCID: <https://orcid.org/0000-0003-4757-117X>), Lionel Henry [aut], Posit Software, PBC [cph, fnd] (ROR: <https://ror.org/03wc8by49>)’
Flavors: r-devel-linux-x86_64-debian-clang, r-devel-linux-x86_64-debian-gcc
Version: 1.0.4
Check: compiled code
Result: NOTE
File ‘purrr/libs/purrr.so’:
Found non-API call to R: ‘OBJECT’
Compiled code should not call non-API entry points in R.
See ‘Writing portable packages’ in the ‘Writing R Extensions’ manual,
and section ‘Moving into C API compliance’ for issues with the use of
non-API entry points.
Flavors: r-devel-linux-x86_64-debian-clang, r-devel-linux-x86_64-debian-gcc, r-devel-linux-x86_64-fedora-clang, r-devel-linux-x86_64-fedora-gcc, r-patched-linux-x86_64, r-release-linux-x86_64, r-release-macos-arm64, r-release-macos-x86_64
Version: 1.0.4
Check: compiled code
Result: NOTE
File 'purrr/libs/x64/purrr.dll':
Found non-API call to R: 'OBJECT'
Compiled code should not call non-API entry points in R.
See 'Writing portable packages' in the 'Writing R Extensions' manual,
and section 'Moving into C API compliance' for issues with the use of
non-API entry points.
Flavors: r-devel-windows-x86_64, r-release-windows-x86_64