CRAN Package Check Results for Package pwlmm

Last updated on 2025-07-03 03:49:49 CEST.

Flavor Version Tinstall Tcheck Ttotal Status Flags
r-devel-linux-x86_64-debian-clang 1.1.1 47.13 29.91 77.04 NOTE
r-devel-linux-x86_64-debian-gcc 1.1.1 37.84 26.91 64.75 NOTE
r-devel-linux-x86_64-fedora-clang 1.1.1 120.02 NOTE
r-devel-linux-x86_64-fedora-gcc 1.1.1 156.61 NOTE
r-devel-windows-x86_64 1.1.1 46.00 68.00 114.00 OK
r-patched-linux-x86_64 1.1.1 51.78 32.38 84.16 NOTE
r-release-linux-x86_64 1.1.1 52.40 32.82 85.22 NOTE
r-release-macos-arm64 1.1.1 47.00 OK
r-release-macos-x86_64 1.1.1 142.00 OK
r-release-windows-x86_64 1.1.1 47.00 72.00 119.00 OK
r-oldrel-macos-arm64 1.1.1 46.00 NOTE
r-oldrel-macos-x86_64 1.1.1 80.00 NOTE
r-oldrel-windows-x86_64 1.1.1 56.00 81.00 137.00 OK

Check Details

Version: 1.1.1
Check: for unstated dependencies in ‘demo’
Result: NOTE 'library' or 'require' calls not declared from: ‘Hmisc’ ‘car’ ‘dplyr’ ‘ggplot2’ Flavors: r-devel-linux-x86_64-debian-clang, r-devel-linux-x86_64-debian-gcc, r-patched-linux-x86_64, r-release-linux-x86_64

Version: 1.1.1
Check: dependencies in R code
Result: NOTE Namespaces in Imports field not imported from: ‘Rcpp’ ‘RcppEigen’ All declared Imports should be used. Flavors: r-devel-linux-x86_64-fedora-clang, r-devel-linux-x86_64-fedora-gcc

Version: 1.1.1
Check: installed package size
Result: NOTE installed size is 23.4Mb sub-directories of 1Mb or more: libs 23.2Mb Flavors: r-oldrel-macos-arm64, r-oldrel-macos-x86_64