Last updated on 2025-10-31 02:50:40 CET.
| Flavor | Version | Tinstall | Tcheck | Ttotal | Status | Flags | 
|---|---|---|---|---|---|---|
| r-devel-linux-x86_64-debian-clang | 0.1-2 | 2.40 | 23.54 | 25.94 | NOTE | |
| r-devel-linux-x86_64-debian-gcc | 0.1-2 | 1.89 | 18.65 | 20.54 | NOTE | |
| r-devel-linux-x86_64-fedora-clang | 0.1-2 | 38.35 | NOTE | |||
| r-devel-linux-x86_64-fedora-gcc | 0.1-2 | 13.00 | 25.69 | 38.69 | NOTE | |
| r-devel-windows-x86_64 | 0.1-2 | 3.00 | 43.00 | 46.00 | NOTE | |
| r-patched-linux-x86_64 | 0.1-2 | 2.96 | 22.47 | 25.43 | NOTE | |
| r-release-linux-x86_64 | 0.1-2 | 2.39 | 22.42 | 24.81 | NOTE | |
| r-release-macos-arm64 | 0.1-2 | 1.00 | 16.00 | 17.00 | NOTE | |
| r-release-macos-x86_64 | 0.1-2 | 2.00 | 25.00 | 27.00 | NOTE | |
| r-release-windows-x86_64 | 0.1-2 | 4.00 | 46.00 | 50.00 | NOTE | |
| r-oldrel-macos-arm64 | 0.1-2 | 2.00 | 16.00 | 18.00 | NOTE | |
| r-oldrel-macos-x86_64 | 0.1-2 | 2.00 | 21.00 | 23.00 | NOTE | |
| r-oldrel-windows-x86_64 | 0.1-2 | 3.00 | 51.00 | 54.00 | NOTE | 
Version: 0.1-2
Check: Rd files
Result: NOTE
  checkRd: (-1) aid_st2.Rd:6: Escaped LaTeX specials: \&
Flavors: r-devel-linux-x86_64-debian-clang, r-devel-linux-x86_64-debian-gcc, r-devel-linux-x86_64-fedora-clang, r-devel-linux-x86_64-fedora-gcc, r-devel-windows-x86_64, r-patched-linux-x86_64, r-release-linux-x86_64, r-release-macos-arm64, r-release-macos-x86_64, r-release-windows-x86_64, r-oldrel-macos-arm64, r-oldrel-macos-x86_64, r-oldrel-windows-x86_64