Last updated on 2025-10-31 02:50:40 CET.
| Flavor | Version | Tinstall | Tcheck | Ttotal | Status | Flags | 
|---|---|---|---|---|---|---|
| r-devel-linux-x86_64-debian-clang | 1.3.0 | 2.40 | 26.48 | 28.88 | NOTE | |
| r-devel-linux-x86_64-debian-gcc | 1.3.0 | 1.82 | 20.44 | 22.26 | NOTE | |
| r-devel-linux-x86_64-fedora-clang | 1.3.0 | 39.84 | NOTE | |||
| r-devel-linux-x86_64-fedora-gcc | 1.3.0 | 38.43 | NOTE | |||
| r-devel-windows-x86_64 | 1.3.0 | 4.00 | 53.00 | 57.00 | NOTE | |
| r-patched-linux-x86_64 | 1.3.0 | 2.74 | 23.66 | 26.40 | NOTE | |
| r-release-linux-x86_64 | 1.3.0 | 2.10 | 23.69 | 25.79 | NOTE | |
| r-release-macos-arm64 | 1.3.0 | 1.00 | 18.00 | 19.00 | NOTE | |
| r-release-macos-x86_64 | 1.3.0 | 2.00 | 25.00 | 27.00 | NOTE | |
| r-release-windows-x86_64 | 1.3.0 | 5.00 | 51.00 | 56.00 | NOTE | |
| r-oldrel-macos-arm64 | 1.3.0 | 1.00 | 20.00 | 21.00 | OK | |
| r-oldrel-macos-x86_64 | 1.3.0 | 2.00 | 30.00 | 32.00 | OK | |
| r-oldrel-windows-x86_64 | 1.3.0 | 6.00 | 58.00 | 64.00 | OK | 
Version: 1.3.0
Check: DESCRIPTION meta-information
Result: NOTE
    Missing dependency on R >= 4.1.0 because package code uses the pipe
    |> or function shorthand \(...) syntax added in R 4.1.0.
    File(s) using such syntax:
      ‘qb_records.R’
Flavors: r-devel-linux-x86_64-debian-clang, r-devel-linux-x86_64-debian-gcc, r-devel-linux-x86_64-fedora-clang, r-devel-linux-x86_64-fedora-gcc, r-devel-windows-x86_64, r-patched-linux-x86_64, r-release-linux-x86_64, r-release-macos-arm64, r-release-macos-x86_64, r-release-windows-x86_64