Last updated on 2025-10-31 02:50:40 CET.
| Flavor | Version | Tinstall | Tcheck | Ttotal | Status | Flags | 
|---|---|---|---|---|---|---|
| r-devel-linux-x86_64-debian-clang | 1.5 | 4.71 | 56.43 | 61.14 | NOTE | |
| r-devel-linux-x86_64-debian-gcc | 1.5 | 3.27 | 41.78 | 45.05 | NOTE | |
| r-devel-linux-x86_64-fedora-clang | 1.5 | 11.00 | 79.95 | 90.95 | OK | |
| r-devel-linux-x86_64-fedora-gcc | 1.5 | 15.00 | 73.93 | 88.93 | OK | |
| r-devel-windows-x86_64 | 1.5 | 7.00 | 71.00 | 78.00 | OK | |
| r-patched-linux-x86_64 | 1.5 | 4.48 | 53.30 | 57.78 | OK | |
| r-release-linux-x86_64 | 1.5 | 5.45 | 52.65 | 58.10 | OK | |
| r-release-macos-arm64 | 1.5 | 2.00 | 23.00 | 25.00 | OK | |
| r-release-macos-x86_64 | 1.5 | 4.00 | 40.00 | 44.00 | OK | |
| r-release-windows-x86_64 | 1.5 | 7.00 | 71.00 | 78.00 | OK | |
| r-oldrel-macos-arm64 | 1.5 | 2.00 | 23.00 | 25.00 | OK | |
| r-oldrel-macos-x86_64 | 1.5 | 4.00 | 34.00 | 38.00 | OK | |
| r-oldrel-windows-x86_64 | 1.5 | 9.00 | 84.00 | 93.00 | OK | 
Version: 1.5
Check: CRAN incoming feasibility
Result: NOTE
  Maintainer: ‘Alireza Lorzadeh <alorzadeh@bcgsc.ca>’
  
  No Authors@R field in DESCRIPTION.
  Please add one, modifying
    Authors@R: person(given = "Alireza",
                      family = "Lorzadeh",
                      role = c("aut", "cre"),
                      email = "alorzadeh@bcgsc.ca")
  as necessary.
Flavors: r-devel-linux-x86_64-debian-clang, r-devel-linux-x86_64-debian-gcc