Last updated on 2025-05-04 03:51:03 CEST.
Flavor | Version | Tinstall | Tcheck | Ttotal | Status | Flags |
---|---|---|---|---|---|---|
r-devel-linux-x86_64-debian-clang | 1.1.0-0 | 26.04 | 24.88 | 50.92 | NOTE | |
r-devel-linux-x86_64-debian-gcc | 1.1.0-0 | 20.30 | 22.56 | 42.86 | NOTE | |
r-devel-linux-x86_64-fedora-clang | 1.1.0-0 | 83.08 | NOTE | |||
r-devel-linux-x86_64-fedora-gcc | 1.1.0-0 | 95.72 | NOTE | |||
r-devel-windows-x86_64 | 1.1.0-0 | 29.00 | 72.00 | 101.00 | NOTE | |
r-patched-linux-x86_64 | 1.1.0-0 | 23.71 | 25.72 | 49.43 | NOTE | |
r-release-linux-x86_64 | NOTE | |||||
r-release-macos-arm64 | 1.1.0-0 | 35.00 | NOTE | |||
r-release-macos-x86_64 | 1.1.0-0 | 49.00 | NOTE | |||
r-release-windows-x86_64 | 1.1.0-0 | 28.00 | 68.00 | 96.00 | NOTE | |
r-oldrel-macos-arm64 | 1.1.0-0 | 29.00 | NOTE | |||
r-oldrel-macos-x86_64 | 1.1.0-0 | 41.00 | NOTE | |||
r-oldrel-windows-x86_64 | 1.1.0-0 | 34.00 | 78.00 | 112.00 | NOTE |
Version: 1.1.0-0
Check: C++ specification
Result: NOTE
Specified C++11: please drop specification unless essential
Flavors: r-devel-linux-x86_64-debian-clang, r-devel-linux-x86_64-debian-gcc, r-devel-linux-x86_64-fedora-clang, r-devel-linux-x86_64-fedora-gcc, r-devel-windows-x86_64, r-patched-linux-x86_64, r-release-linux-x86_64, r-release-macos-arm64, r-release-macos-x86_64, r-release-windows-x86_64, r-oldrel-macos-arm64, r-oldrel-macos-x86_64, r-oldrel-windows-x86_64
Version: 1.1.0-0
Check: installed package size
Result: NOTE
installed size is 9.2Mb
sub-directories of 1Mb or more:
libs 9.0Mb
Flavors: r-oldrel-macos-arm64, r-oldrel-macos-x86_64