Last updated on 2025-05-07 03:51:11 CEST.
Flavor | Version | Tinstall | Tcheck | Ttotal | Status | Flags |
---|---|---|---|---|---|---|
r-devel-linux-x86_64-debian-clang | 0.1.9 | 1.73 | 26.18 | 27.91 | NOTE | |
r-devel-linux-x86_64-debian-gcc | 0.1.9 | 1.45 | 20.97 | 22.42 | NOTE | |
r-devel-linux-x86_64-fedora-clang | 0.1.9 | 42.75 | OK | |||
r-devel-linux-x86_64-fedora-gcc | 0.1.9 | 72.67 | OK | |||
r-devel-windows-x86_64 | 0.1.9 | 2.00 | 47.00 | 49.00 | OK | |
r-patched-linux-x86_64 | 0.1.9 | 2.13 | 24.47 | 26.60 | OK | |
r-release-linux-x86_64 | 0.1.9 | 1.87 | 24.43 | 26.30 | OK | |
r-release-macos-arm64 | 0.1.9 | 28.00 | OK | |||
r-release-macos-x86_64 | 0.1.9 | 53.00 | OK | |||
r-release-windows-x86_64 | 0.1.9 | 5.00 | 47.00 | 52.00 | OK | |
r-oldrel-macos-arm64 | 0.1.9 | 25.00 | OK | |||
r-oldrel-macos-x86_64 | 0.1.9 | 41.00 | OK | |||
r-oldrel-windows-x86_64 | 0.1.9 | 4.00 | 53.00 | 57.00 | OK |
Version: 0.1.9
Check: CRAN incoming feasibility
Result: NOTE
Maintainer: ‘Stephen Turner <vustephen@gmail.com>’
No Authors@R field in DESCRIPTION.
Please add one, modifying
Authors@R: person(given = "Stephen",
family = "Turner",
role = c("aut", "cre"),
email = "vustephen@gmail.com")
as necessary.
Flavors: r-devel-linux-x86_64-debian-clang, r-devel-linux-x86_64-debian-gcc