Last updated on 2025-05-07 03:51:11 CEST.
Flavor | Version | Tinstall | Tcheck | Ttotal | Status | Flags |
---|---|---|---|---|---|---|
r-devel-linux-x86_64-debian-clang | 1.0.0 | 1.95 | 19.43 | 21.38 | NOTE | |
r-devel-linux-x86_64-debian-gcc | 1.0.0 | 1.60 | 15.60 | 17.20 | NOTE | |
r-devel-linux-x86_64-fedora-clang | 1.0.0 | 34.65 | OK | |||
r-devel-linux-x86_64-fedora-gcc | 1.0.0 | 32.83 | OK | |||
r-devel-windows-x86_64 | 1.0.0 | 4.00 | 40.00 | 44.00 | OK | |
r-patched-linux-x86_64 | 1.0.0 | 2.42 | 18.75 | 21.17 | OK | |
r-release-linux-x86_64 | 1.0.0 | 2.11 | 18.89 | 21.00 | OK | |
r-release-macos-arm64 | 1.0.0 | 17.00 | OK | |||
r-release-macos-x86_64 | 1.0.0 | 25.00 | OK | |||
r-release-windows-x86_64 | 1.0.0 | 4.00 | 40.00 | 44.00 | OK | |
r-oldrel-macos-arm64 | 1.0.0 | 15.00 | OK | |||
r-oldrel-macos-x86_64 | 1.0.0 | 22.00 | OK | |||
r-oldrel-windows-x86_64 | 1.0.0 | 4.00 | 44.00 | 48.00 | OK |
Version: 1.0.0
Check: CRAN incoming feasibility
Result: NOTE
Maintainer: ‘Robert Stine <stine@upenn.edu>’
No Authors@R field in DESCRIPTION.
Please add one, modifying
Authors@R: person(given = "Robert",
family = "Stine",
role = c("aut", "cre"),
email = "stine@upenn.edu")
as necessary.
Flavors: r-devel-linux-x86_64-debian-clang, r-devel-linux-x86_64-debian-gcc