CRAN Package Check Results for Package qrmix

Last updated on 2025-07-05 03:48:46 CEST.

Flavor Version Tinstall Tcheck Ttotal Status Flags
r-devel-linux-x86_64-debian-clang 0.9.0 7.15 83.78 90.93 NOTE
r-devel-linux-x86_64-debian-gcc 0.9.0 5.35 60.75 66.10 NOTE
r-devel-linux-x86_64-fedora-clang 0.9.0 143.69 OK
r-devel-linux-x86_64-fedora-gcc 0.9.0 139.49 OK
r-devel-windows-x86_64 0.9.0 9.00 95.00 104.00 OK
r-patched-linux-x86_64 0.9.0 7.23 80.64 87.87 OK
r-release-linux-x86_64 0.9.0 6.67 80.19 86.86 OK
r-release-macos-arm64 0.9.0 41.00 OK
r-release-macos-x86_64 0.9.0 104.00 OK
r-release-windows-x86_64 0.9.0 9.00 96.00 105.00 OK
r-oldrel-macos-arm64 0.9.0 38.00 OK
r-oldrel-macos-x86_64 0.9.0 63.00 OK
r-oldrel-windows-x86_64 0.9.0 11.00 113.00 124.00 OK

Check Details

Version: 0.9.0
Check: CRAN incoming feasibility
Result: NOTE Maintainer: ‘Maria de los Angeles Resa <maria@stat.columbia.edu>’ No Authors@R field in DESCRIPTION. Please add one, modifying Authors@R: c(person(given = c("Maria", "de", "los", "Angeles"), family = "Resa", role = c("aut", "cre"), email = "maria@stat.columbia.edu"), person(given = "Birol", family = "Emir", role = "aut"), person(given = "Javier", family = "Cabrera", role = "aut")) as necessary. Flavors: r-devel-linux-x86_64-debian-clang, r-devel-linux-x86_64-debian-gcc