Last updated on 2025-10-31 02:50:40 CET.
| Flavor | Version | Tinstall | Tcheck | Ttotal | Status | Flags | 
|---|---|---|---|---|---|---|
| r-devel-linux-x86_64-debian-clang | 1.70 | 76.20 | 330.76 | 406.96 | OK | |
| r-devel-linux-x86_64-debian-gcc | 1.70 | 50.62 | 206.67 | 257.29 | OK | |
| r-devel-linux-x86_64-fedora-clang | 1.70 | 155.00 | 486.52 | 641.52 | OK | |
| r-devel-linux-x86_64-fedora-gcc | 1.70 | 171.00 | 488.53 | 659.53 | OK | |
| r-devel-windows-x86_64 | 1.70 | 98.00 | 365.00 | 463.00 | OK | |
| r-patched-linux-x86_64 | 1.70 | 74.92 | 311.59 | 386.51 | OK | |
| r-release-linux-x86_64 | 1.70 | 69.34 | 318.17 | 387.51 | OK | |
| r-release-macos-arm64 | 1.70 | 34.00 | 120.00 | 154.00 | OK | |
| r-release-macos-x86_64 | 1.70 | 52.00 | 271.00 | 323.00 | OK | |
| r-release-windows-x86_64 | 1.70 | 108.00 | 376.00 | 484.00 | OK | |
| r-oldrel-macos-arm64 | 1.70 | 32.00 | 121.00 | 153.00 | NOTE | |
| r-oldrel-macos-x86_64 | 1.70 | 104.00 | 495.00 | 599.00 | NOTE | |
| r-oldrel-windows-x86_64 | 1.70 | 114.00 | 451.00 | 565.00 | NOTE | 
Version: 1.70
Check: installed package size
Result: NOTE
    installed size is 11.5Mb
    sub-directories of 1Mb or more:
      R         2.1Mb
      contrib   3.7Mb
      doc       3.0Mb
      libs      1.3Mb
Flavors: r-oldrel-macos-arm64, r-oldrel-macos-x86_64, r-oldrel-windows-x86_64