Last updated on 2025-05-06 03:51:12 CEST.
Flavor | Version | Tinstall | Tcheck | Ttotal | Status | Flags |
---|---|---|---|---|---|---|
r-devel-linux-x86_64-debian-clang | 0.11-0 | 5.60 | 53.38 | 58.98 | NOTE | |
r-devel-linux-x86_64-debian-gcc | 0.11-0 | 4.55 | 39.60 | 44.15 | NOTE | |
r-devel-linux-x86_64-fedora-clang | 0.11-0 | 90.45 | OK | |||
r-devel-linux-x86_64-fedora-gcc | 0.11-0 | 86.33 | OK | |||
r-devel-windows-x86_64 | 0.11-0 | 6.00 | 62.00 | 68.00 | OK | |
r-patched-linux-x86_64 | 0.11-0 | 6.24 | 50.51 | 56.75 | OK | |
r-release-linux-x86_64 | 0.11-0 | 4.62 | 49.28 | 53.90 | OK | |
r-release-macos-arm64 | 0.11-0 | 34.00 | OK | |||
r-release-macos-x86_64 | 0.11-0 | 57.00 | OK | |||
r-release-windows-x86_64 | 0.11-0 | 7.00 | 66.00 | 73.00 | OK | |
r-oldrel-macos-arm64 | 0.11-0 | 31.00 | OK | |||
r-oldrel-macos-x86_64 | 0.11-0 | 43.00 | OK | |||
r-oldrel-windows-x86_64 | 0.11-0 | 9.00 | 74.00 | 83.00 | OK |
Version: 0.11-0
Check: CRAN incoming feasibility
Result: NOTE
Maintainer: ‘Yixuan Qiu <yixuan.qiu@cos.name>’
No Authors@R field in DESCRIPTION.
Please add one, modifying
Authors@R: c(person(given = "Yixuan",
family = "Qiu",
role = c("aut", "cre"),
email = "yixuan.qiu@cos.name"),
person(given = "Jiali",
family = "Mei",
role = "aut"),
person(given = c("authors", "of", "the", "ARPACK", "library.", "See", "file", "AUTHORS", "for"),
family = "details.",
role = "aut"))
as necessary.
Flavors: r-devel-linux-x86_64-debian-clang, r-devel-linux-x86_64-debian-gcc