Last updated on 2025-05-04 03:51:03 CEST.
Flavor | Version | Tinstall | Tcheck | Ttotal | Status | Flags |
---|---|---|---|---|---|---|
r-devel-linux-x86_64-debian-clang | 1.1.1 | 1.57 | 24.91 | 26.48 | NOTE | |
r-devel-linux-x86_64-debian-gcc | 1.1.1 | 1.46 | 20.58 | 22.04 | NOTE | |
r-devel-linux-x86_64-fedora-clang | 1.1.1 | 43.26 | NOTE | |||
r-devel-linux-x86_64-fedora-gcc | 1.1.1 | 40.11 | NOTE | |||
r-devel-windows-x86_64 | 1.1.1 | 3.00 | 46.00 | 49.00 | OK | |
r-patched-linux-x86_64 | 1.1.1 | 2.20 | 23.78 | 25.98 | NOTE | |
r-release-linux-x86_64 | NOTE | |||||
r-release-macos-arm64 | 1.1.1 | 16.00 | OK | |||
r-release-macos-x86_64 | 1.1.1 | 28.00 | OK | |||
r-release-windows-x86_64 | 1.1.1 | 3.00 | 52.00 | 55.00 | OK | |
r-oldrel-macos-arm64 | 1.1.1 | 17.00 | OK | |||
r-oldrel-macos-x86_64 | 1.1.1 | 23.00 | OK | |||
r-oldrel-windows-x86_64 | 1.1.1 | 4.00 | 46.00 | 50.00 | OK |
Version: 1.1.1
Check: CRAN incoming feasibility
Result: NOTE
Maintainer: ‘Wolfgang Konen <wolfgang.konen@fh-koeln.de>’
No Authors@R field in DESCRIPTION.
Please add one, modifying
Authors@R: c(person(given = "Wolfgang",
family = "Konen",
role = c("aut", "cre"),
email = "wolfgang.konen@fh-koeln.de"),
person(given = "Nikolaus",
family = "Hansen",
role = "aut",
email = "hansen.AT.lri.fr"))
as necessary.
Flavors: r-devel-linux-x86_64-debian-clang, r-devel-linux-x86_64-debian-gcc
Version: 1.1.1
Check: for non-standard things in the check directory
Result: NOTE
Found the following files/directories:
‘outcmaesdisp.dat’
Flavors: r-devel-linux-x86_64-debian-clang, r-devel-linux-x86_64-debian-gcc, r-devel-linux-x86_64-fedora-clang, r-devel-linux-x86_64-fedora-gcc, r-patched-linux-x86_64, r-release-linux-x86_64