CRAN Package Check Results for Package rTRNG

Last updated on 2025-05-07 03:51:13 CEST.

Flavor Version Tinstall Tcheck Ttotal Status Flags
r-devel-linux-x86_64-debian-clang 4.23.1-2 110.52 144.35 254.87 NOTE
r-devel-linux-x86_64-debian-gcc 4.23.1-2 84.97 97.49 182.46 NOTE
r-devel-linux-x86_64-fedora-clang 4.23.1-2 457.88 NOTE
r-devel-linux-x86_64-fedora-gcc 4.23.1-2 523.21 NOTE
r-devel-windows-x86_64 4.23.1-2 113.00 189.00 302.00 NOTE
r-patched-linux-x86_64 4.23.1-2 116.19 134.94 251.13 NOTE
r-release-linux-x86_64 4.23.1-2 116.11 133.40 249.51 NOTE
r-release-macos-arm64 4.23.1-2 132.00 NOTE
r-release-macos-x86_64 4.23.1-2 225.00 NOTE
r-release-windows-x86_64 4.23.1-2 114.00 194.00 308.00 NOTE
r-oldrel-macos-arm64 4.23.1-2 68.00 NOTE
r-oldrel-macos-x86_64 4.23.1-2 106.00 NOTE
r-oldrel-windows-x86_64 4.23.1-2 115.00 236.00 351.00 NOTE

Check Details

Version: 4.23.1-2
Check: C++ specification
Result: NOTE Specified C++11: please drop specification unless essential Flavors: r-devel-linux-x86_64-debian-clang, r-devel-linux-x86_64-debian-gcc, r-devel-linux-x86_64-fedora-clang, r-devel-linux-x86_64-fedora-gcc, r-devel-windows-x86_64, r-patched-linux-x86_64, r-release-linux-x86_64, r-release-macos-arm64, r-release-macos-x86_64, r-release-windows-x86_64, r-oldrel-macos-arm64, r-oldrel-macos-x86_64, r-oldrel-windows-x86_64

Version: 4.23.1-2
Check: Rd cross-references
Result: NOTE Found the following Rd file(s) with Rd \link{} targets missing package anchors: TRNG.Engine.Rd: Rcpp, Module-class rTRNG-package.Rd: dependsAttribute rbinom_trng.Rd: RcppParallel, setThreadOptions rlnorm_trng.Rd: RcppParallel, setThreadOptions rnorm_trng.Rd: RcppParallel, setThreadOptions rpois_trng.Rd: RcppParallel, setThreadOptions runif_trng.Rd: RcppParallel, setThreadOptions Please provide package anchors for all Rd \link{} targets not in the package itself and the base packages. Flavors: r-devel-linux-x86_64-debian-clang, r-devel-linux-x86_64-debian-gcc, r-devel-windows-x86_64, r-patched-linux-x86_64, r-release-linux-x86_64, r-release-windows-x86_64

Version: 4.23.1-2
Check: installed package size
Result: NOTE installed size is 29.4Mb sub-directories of 1Mb or more: doc 7.8Mb libs 20.7Mb Flavors: r-oldrel-macos-arm64, r-oldrel-macos-x86_64, r-oldrel-windows-x86_64

Version: 4.23.1-2
Check: for GNU extensions in Makefiles
Result: NOTE GNU make is a SystemRequirements. Flavors: r-oldrel-macos-arm64, r-oldrel-macos-x86_64, r-oldrel-windows-x86_64