CRAN Package Check Results for Package ra4bayesmeta

Last updated on 2025-05-06 03:51:12 CEST.

Flavor Version Tinstall Tcheck Ttotal Status Flags
r-devel-linux-x86_64-debian-clang 1.0-8 7.95 72.79 80.74 NOTE
r-devel-linux-x86_64-debian-gcc 1.0-8 5.82 51.18 57.00 NOTE
r-devel-linux-x86_64-fedora-clang 1.0-8 133.86 NOTE
r-devel-linux-x86_64-fedora-gcc 1.0-8 129.22 NOTE
r-devel-windows-x86_64 1.0-8 9.00 89.00 98.00 NOTE
r-patched-linux-x86_64 1.0-8 9.85 69.10 78.95 NOTE
r-release-linux-x86_64 1.0-8 8.31 68.84 77.15 NOTE
r-release-macos-arm64 1.0-8 40.00 NOTE
r-release-macos-x86_64 1.0-8 67.00 NOTE
r-release-windows-x86_64 1.0-8 10.00 89.00 99.00 NOTE
r-oldrel-macos-arm64 1.0-8 35.00 NOTE
r-oldrel-macos-x86_64 1.0-8 52.00 NOTE
r-oldrel-windows-x86_64 1.0-8 12.00 110.00 122.00 NOTE

Check Details

Version: 1.0-8
Check: Rd files
Result: NOTE checkRd: (-1) post_RA_fits.Rd:61: Lost braces; missing escapes or markup? 61 | \item{\code{H(po_{bm_{n.bm}}, po_act)}:}{ last benchmark prior bm_{n.bm} inducing the fit \code{fits.bm[[n.bm]]} and actual prior} | ^ Flavors: r-devel-linux-x86_64-debian-clang, r-devel-linux-x86_64-debian-gcc, r-devel-linux-x86_64-fedora-clang, r-devel-linux-x86_64-fedora-gcc, r-devel-windows-x86_64, r-patched-linux-x86_64, r-release-linux-x86_64, r-release-macos-arm64, r-release-macos-x86_64, r-release-windows-x86_64, r-oldrel-macos-arm64, r-oldrel-macos-x86_64, r-oldrel-windows-x86_64