Last updated on 2025-05-07 03:51:11 CEST.
Flavor | Version | Tinstall | Tcheck | Ttotal | Status | Flags |
---|---|---|---|---|---|---|
r-devel-linux-x86_64-debian-clang | 2.2.7 | 49.71 | 234.34 | 284.05 | NOTE | |
r-devel-linux-x86_64-debian-gcc | 2.2.7 | 38.75 | 156.56 | 195.31 | NOTE | |
r-devel-linux-x86_64-fedora-clang | 2.2.7 | 486.57 | OK | |||
r-devel-linux-x86_64-fedora-gcc | 2.2.7 | 499.79 | OK | |||
r-devel-windows-x86_64 | 2.2.7 | 56.00 | 248.00 | 304.00 | NOTE | |
r-patched-linux-x86_64 | 2.2.7 | 48.80 | 221.61 | 270.41 | NOTE | |
r-release-linux-x86_64 | 2.2.7 | 52.50 | 220.70 | 273.20 | NOTE | |
r-release-macos-arm64 | 2.2.7 | 111.00 | OK | |||
r-release-macos-x86_64 | 2.2.7 | 291.00 | OK | |||
r-release-windows-x86_64 | 2.2.7 | 51.00 | 258.00 | 309.00 | NOTE | |
r-oldrel-macos-arm64 | 2.2.7 | 114.00 | NOTE | |||
r-oldrel-macos-x86_64 | 2.2.7 | 175.00 | NOTE | |||
r-oldrel-windows-x86_64 | 2.2.7 | 68.00 | 331.00 | 399.00 | OK |
Version: 2.2.7
Check: Rd cross-references
Result: NOTE
Found the following Rd file(s) with Rd \link{} targets missing package
anchors:
Communities.Rd: igraph
DiffGraph.Rd: igraph
GGMpathStats.Rd: igraph
Ugraph.Rd: igraph
Please provide package anchors for all Rd \link{} targets not in the
package itself and the base packages.
Flavors: r-devel-linux-x86_64-debian-clang, r-devel-linux-x86_64-debian-gcc, r-devel-windows-x86_64, r-patched-linux-x86_64, r-release-linux-x86_64, r-release-windows-x86_64
Version: 2.2.7
Check: installed package size
Result: NOTE
installed size is 5.8Mb
sub-directories of 1Mb or more:
libs 4.6Mb
Flavors: r-oldrel-macos-arm64, r-oldrel-macos-x86_64