Last updated on 2025-05-06 03:51:12 CEST.
Flavor | Version | Tinstall | Tcheck | Ttotal | Status | Flags |
---|---|---|---|---|---|---|
r-devel-linux-x86_64-debian-clang | 2.3 | 3.47 | 21.60 | 25.07 | NOTE | |
r-devel-linux-x86_64-debian-gcc | 2.4 | 2.64 | 18.04 | 20.68 | OK | |
r-devel-linux-x86_64-fedora-clang | 2.4 | 41.37 | OK | |||
r-devel-linux-x86_64-fedora-gcc | 2.4 | 39.43 | OK | |||
r-devel-windows-x86_64 | 2.4 | 10.00 | 44.00 | 54.00 | OK | |
r-patched-linux-x86_64 | 2.3 | 3.59 | 21.03 | 24.62 | OK | |
r-release-linux-x86_64 | 2.3 | 3.15 | 21.00 | 24.15 | OK | |
r-release-macos-arm64 | 2.4 | 18.00 | OK | |||
r-release-macos-x86_64 | 2.4 | 30.00 | OK | |||
r-release-windows-x86_64 | 2.4 | 10.00 | 61.00 | 71.00 | OK | |
r-oldrel-macos-arm64 | 2.4 | 27.00 | OK | |||
r-oldrel-macos-x86_64 | 2.4 | 35.00 | OK | |||
r-oldrel-windows-x86_64 | 2.3 | 8.00 | 45.00 | 53.00 | OK |
Version: 2.3
Check: CRAN incoming feasibility
Result: NOTE
Maintainer: ‘Shannon T. Holloway <shannon.t.holloway@gmail.com>’
No Authors@R field in DESCRIPTION.
Please add one, modifying
Authors@R: c(person(given = "Chong",
family = "Zhang",
role = "aut"),
person(given = "Yufeng",
family = "Liu",
role = "aut"),
person(given = c("Shannon", "T."),
family = "Holloway",
role = c("aut", "cre"),
email = "shannon.t.holloway@gmail.com"))
as necessary.
Flavor: r-devel-linux-x86_64-debian-clang