Last updated on 2025-05-07 03:51:11 CEST.
Flavor | Version | Tinstall | Tcheck | Ttotal | Status | Flags |
---|---|---|---|---|---|---|
r-devel-linux-x86_64-debian-clang | 0.4.1 | 1.77 | 25.45 | 27.22 | NOTE | |
r-devel-linux-x86_64-debian-gcc | 0.4.1 | 1.39 | 21.45 | 22.84 | NOTE | |
r-devel-linux-x86_64-fedora-clang | 0.4.1 | 45.58 | OK | |||
r-devel-linux-x86_64-fedora-gcc | 0.4.1 | 59.63 | OK | |||
r-devel-windows-x86_64 | 0.4.1 | 3.00 | 63.00 | 66.00 | OK | |
r-patched-linux-x86_64 | 0.4.1 | 1.99 | 23.75 | 25.74 | OK | |
r-release-linux-x86_64 | 0.4.1 | 1.82 | 23.63 | 25.45 | OK | |
r-release-macos-arm64 | 0.4.1 | 42.00 | OK | |||
r-release-macos-x86_64 | 0.4.1 | 63.00 | OK | |||
r-release-windows-x86_64 | 0.4.1 | 4.00 | 64.00 | 68.00 | OK | |
r-oldrel-macos-arm64 | 0.4.1 | 41.00 | NOTE | |||
r-oldrel-macos-x86_64 | 0.4.1 | 70.00 | NOTE | |||
r-oldrel-windows-x86_64 | 0.4.1 | 4.00 | 69.00 | 73.00 | NOTE |
Version: 0.4.1
Check: CRAN incoming feasibility
Result: NOTE
Maintainer: ‘Tarak Shah <tarak.shah@gmail.com>’
No Authors@R field in DESCRIPTION.
Please add one, modifying
Authors@R: person(given = "Tarak",
family = "Shah",
role = c("aut", "cre"),
email = "tarak.shah@gmail.com")
as necessary.
Flavors: r-devel-linux-x86_64-debian-clang, r-devel-linux-x86_64-debian-gcc
Version: 0.4.1
Check: LazyData
Result: NOTE
'LazyData' is specified without a 'data' directory
Flavors: r-oldrel-macos-arm64, r-oldrel-macos-x86_64, r-oldrel-windows-x86_64