Last updated on 2025-05-06 03:51:12 CEST.
Flavor | Version | Tinstall | Tcheck | Ttotal | Status | Flags |
---|---|---|---|---|---|---|
r-devel-linux-x86_64-debian-clang | 0.4.0 | 9.44 | 80.61 | 90.05 | NOTE | |
r-devel-linux-x86_64-debian-gcc | 0.4.0 | 6.26 | 59.24 | 65.50 | NOTE | |
r-devel-linux-x86_64-fedora-clang | 0.4.0 | 154.11 | OK | |||
r-devel-linux-x86_64-fedora-gcc | 0.4.0 | 163.33 | OK | |||
r-devel-windows-x86_64 | 0.4.0 | 11.00 | 84.00 | 95.00 | NOTE | |
r-patched-linux-x86_64 | 0.4.0 | 7.20 | 76.43 | 83.63 | NOTE | |
r-release-linux-x86_64 | 0.4.0 | 8.27 | 76.08 | 84.35 | NOTE | |
r-release-macos-arm64 | 0.4.0 | 49.00 | OK | |||
r-release-macos-x86_64 | 0.4.0 | 83.00 | OK | |||
r-release-windows-x86_64 | 0.4.0 | 11.00 | 86.00 | 97.00 | NOTE | |
r-oldrel-macos-arm64 | 0.4.0 | 46.00 | OK | |||
r-oldrel-macos-x86_64 | 0.4.0 | 74.00 | OK | |||
r-oldrel-windows-x86_64 | 0.4.0 | 13.00 | 111.00 | 124.00 | OK |
Version: 0.4.0
Check: CRAN incoming feasibility
Result: NOTE
Maintainer: ‘Sebastian Funk <sebastian.funk@lshtm.ac.uk>’
No Authors@R field in DESCRIPTION.
Please add one, modifying
Authors@R: person(given = "Sebastian",
family = "Funk",
role = c("aut", "cre"),
email = "sebastian.funk@lshtm.ac.uk")
as necessary.
Flavors: r-devel-linux-x86_64-debian-clang, r-devel-linux-x86_64-debian-gcc
Version: 0.4.0
Check: Rd cross-references
Result: NOTE
Found the following Rd file(s) with Rd \link{} targets missing package
anchors:
acceptance_rate.Rd: libbi, get_traces
adapt_particles.Rd: libbi
adapt_proposal.Rd: libbi
get_mvn_params.Rd: libbi
numeric_to_time.Rd: libbi
update_proposal.Rd: bi_model
Please provide package anchors for all Rd \link{} targets not in the
package itself and the base packages.
Flavors: r-devel-linux-x86_64-debian-clang, r-devel-linux-x86_64-debian-gcc, r-devel-windows-x86_64, r-patched-linux-x86_64, r-release-linux-x86_64, r-release-windows-x86_64