Last updated on 2025-10-31 02:50:40 CET.
| Flavor | Version | Tinstall | Tcheck | Ttotal | Status | Flags | 
|---|---|---|---|---|---|---|
| r-devel-linux-x86_64-debian-clang | 0.9-6 | 4.95 | 40.09 | 45.04 | NOTE | |
| r-devel-linux-x86_64-debian-gcc | 0.9-6 | 3.64 | 28.83 | 32.47 | NOTE | |
| r-devel-linux-x86_64-fedora-clang | 0.9-6 | 11.00 | 58.20 | 69.20 | OK | |
| r-devel-linux-x86_64-fedora-gcc | 0.9-6 | 11.00 | 52.99 | 63.99 | OK | |
| r-devel-windows-x86_64 | 0.9-6 | 6.00 | 63.00 | 69.00 | OK | |
| r-patched-linux-x86_64 | 0.9-6 | 6.23 | 37.76 | 43.99 | OK | |
| r-release-linux-x86_64 | 0.9-6 | 5.22 | 38.02 | 43.24 | OK | |
| r-release-macos-arm64 | 0.9-6 | 3.00 | 22.00 | 25.00 | OK | |
| r-release-macos-x86_64 | 0.9-6 | 7.00 | 49.00 | 56.00 | OK | |
| r-release-windows-x86_64 | 0.9-6 | 6.00 | 67.00 | 73.00 | OK | |
| r-oldrel-macos-arm64 | 0.9-6 | 2.00 | 20.00 | 22.00 | OK | |
| r-oldrel-macos-x86_64 | 0.9-6 | 9.00 | 44.00 | 53.00 | OK | |
| r-oldrel-windows-x86_64 | 0.9-6 | 9.00 | 79.00 | 88.00 | OK | 
Version: 0.9-6
Check: CRAN incoming feasibility
Result: NOTE
  Maintainer: ‘Marco Scutari <scutari@bnlearn.com>’
  
  No Authors@R field in DESCRIPTION.
  Please add one, modifying
    Authors@R: c(person(given = "Jean-Baptiste",
                        family = "Denis",
                        role = c("aut", "cre")),
                 person(given = "Marco",
                        family = "Scutari",
                        role = c("ctb", "cre"),
                        email = "scutari@bnlearn.com"))
  as necessary.
Flavors: r-devel-linux-x86_64-debian-clang, r-devel-linux-x86_64-debian-gcc