Last updated on 2025-05-06 03:51:13 CEST.
Flavor | Version | Tinstall | Tcheck | Ttotal | Status | Flags |
---|---|---|---|---|---|---|
r-devel-linux-x86_64-debian-clang | 0.6.4 | 5.20 | 66.81 | 72.01 | OK | |
r-devel-linux-x86_64-debian-gcc | 0.6.4 | 3.28 | 52.28 | 55.56 | OK | |
r-devel-linux-x86_64-fedora-clang | 0.6.4 | 101.24 | OK | |||
r-devel-linux-x86_64-fedora-gcc | 0.6.4 | 112.01 | OK | |||
r-devel-windows-x86_64 | 0.6.4 | 6.00 | 86.00 | 92.00 | OK | |
r-patched-linux-x86_64 | 0.6.4 | 5.58 | 63.09 | 68.67 | OK | |
r-release-linux-x86_64 | 0.6.4 | 4.91 | 63.38 | 68.29 | OK | |
r-release-macos-arm64 | 0.6.4 | 45.00 | OK | |||
r-release-macos-x86_64 | 0.6.4 | 73.00 | OK | |||
r-release-windows-x86_64 | 0.6.4 | 6.00 | 88.00 | 94.00 | OK | |
r-oldrel-macos-arm64 | 0.6.4 | 57.00 | NOTE | |||
r-oldrel-macos-x86_64 | 0.6.4 | 59.00 | NOTE | |||
r-oldrel-windows-x86_64 | 0.6.4 | 7.00 | 99.00 | 106.00 | NOTE |
Version: 0.6.4
Check: LazyData
Result: NOTE
'LazyData' is specified without a 'data' directory
Flavors: r-oldrel-macos-arm64, r-oldrel-macos-x86_64, r-oldrel-windows-x86_64