Last updated on 2025-05-04 03:51:03 CEST.
Flavor | Version | Tinstall | Tcheck | Ttotal | Status | Flags |
---|---|---|---|---|---|---|
r-devel-linux-x86_64-debian-clang | 0.57 | 7.24 | 56.43 | 63.67 | NOTE | |
r-devel-linux-x86_64-debian-gcc | 0.57 | 5.42 | 42.24 | 47.66 | NOTE | |
r-devel-linux-x86_64-fedora-clang | 0.57 | 111.91 | OK | |||
r-devel-linux-x86_64-fedora-gcc | 0.57 | 101.13 | OK | |||
r-devel-windows-x86_64 | 0.57 | 11.00 | 68.00 | 79.00 | NOTE | |
r-patched-linux-x86_64 | 0.57 | 6.85 | 54.32 | 61.17 | NOTE | |
r-release-linux-x86_64 | NOTE | |||||
r-release-macos-arm64 | 0.57 | 25.00 | OK | |||
r-release-macos-x86_64 | 0.57 | 55.00 | OK | |||
r-release-windows-x86_64 | 0.57 | 9.00 | 68.00 | 77.00 | NOTE | |
r-oldrel-macos-arm64 | 0.57 | 24.00 | OK | |||
r-oldrel-macos-x86_64 | 0.57 | 42.00 | OK | |||
r-oldrel-windows-x86_64 | 0.57 | 12.00 | 83.00 | 95.00 | OK |
Version: 0.57
Check: CRAN incoming feasibility
Result: NOTE
Maintainer: ‘Drew Dimmery <drewd@nyu.edu>’
No Authors@R field in DESCRIPTION.
Please add one, modifying
Authors@R: person(given = "Drew",
family = "Dimmery",
role = c("aut", "cre"),
email = "drewd@nyu.edu")
as necessary.
Found the following URLs which should use \doi (with the DOI name only):
File ‘DCdensity.Rd’:
http://dx.doi.org/10.1016/j.jeconom.2007.05.005
File ‘RDestimate.Rd’:
http://dx.doi.org/10.1016/j.jeconom.2007.05.001
http://dx.doi.org/10.1016/j.jeconom.2007.05.003
Flavors: r-devel-linux-x86_64-debian-clang, r-devel-linux-x86_64-debian-gcc
Version: 0.57
Check: Rd cross-references
Result: NOTE
Found the following Rd file(s) with Rd \link{} targets missing package
anchors:
RDestimate.Rd: vcovHC, ivreg
Please provide package anchors for all Rd \link{} targets not in the
package itself and the base packages.
Flavors: r-devel-linux-x86_64-debian-clang, r-devel-linux-x86_64-debian-gcc, r-devel-windows-x86_64, r-patched-linux-x86_64, r-release-linux-x86_64, r-release-windows-x86_64