Last updated on 2025-05-07 03:51:11 CEST.
Flavor | Version | Tinstall | Tcheck | Ttotal | Status | Flags |
---|---|---|---|---|---|---|
r-devel-linux-x86_64-debian-clang | 0.9.3 | 1.76 | 25.12 | 26.88 | OK | |
r-devel-linux-x86_64-debian-gcc | 0.9.3 | 1.38 | 20.17 | 21.55 | OK | |
r-devel-linux-x86_64-fedora-clang | 0.9.3 | 43.43 | OK | |||
r-devel-linux-x86_64-fedora-gcc | 0.9.3 | 57.33 | OK | |||
r-devel-windows-x86_64 | 0.9.3 | 3.00 | 45.00 | 48.00 | OK | |
r-patched-linux-x86_64 | 0.9.3 | 1.71 | 23.99 | 25.70 | OK | |
r-release-linux-x86_64 | 0.9.3 | 1.66 | 24.14 | 25.80 | OK | |
r-release-macos-arm64 | 0.9.3 | 22.00 | OK | |||
r-release-macos-x86_64 | 0.9.3 | 55.00 | OK | |||
r-release-windows-x86_64 | 0.9.3 | 3.00 | 46.00 | 49.00 | OK | |
r-oldrel-macos-arm64 | 0.9.3 | 23.00 | NOTE | |||
r-oldrel-macos-x86_64 | 0.9.3 | 32.00 | NOTE | |||
r-oldrel-windows-x86_64 | 0.9.3 | 4.00 | 49.00 | 53.00 | NOTE |
Version: 0.9.3
Check: LazyData
Result: NOTE
'LazyData' is specified without a 'data' directory
Flavors: r-oldrel-macos-arm64, r-oldrel-macos-x86_64, r-oldrel-windows-x86_64