Last updated on 2025-05-07 03:51:11 CEST.
Flavor | Version | Tinstall | Tcheck | Ttotal | Status | Flags |
---|---|---|---|---|---|---|
r-devel-linux-x86_64-debian-clang | 0.2.1 | 4.00 | 31.50 | 35.50 | OK | |
r-devel-linux-x86_64-debian-gcc | 0.2.1 | 2.43 | 23.82 | 26.25 | OK | |
r-devel-linux-x86_64-fedora-clang | 0.2.1 | 49.07 | OK | |||
r-devel-linux-x86_64-fedora-gcc | 0.2.1 | 56.48 | OK | |||
r-devel-windows-x86_64 | 0.2.1 | 8.00 | 49.00 | 57.00 | OK | |
r-patched-linux-x86_64 | 0.2.1 | 4.04 | 28.53 | 32.57 | OK | |
r-release-linux-x86_64 | 0.2.1 | 3.74 | 28.47 | 32.21 | OK | |
r-release-macos-arm64 | 0.2.1 | 21.00 | OK | |||
r-release-macos-x86_64 | 0.2.1 | 33.00 | OK | |||
r-release-windows-x86_64 | 0.2.1 | 7.00 | 49.00 | 56.00 | OK | |
r-oldrel-macos-arm64 | 0.2.1 | 22.00 | NOTE | |||
r-oldrel-macos-x86_64 | 0.2.1 | 30.00 | NOTE | |||
r-oldrel-windows-x86_64 | 0.2.1 | 8.00 | 55.00 | 63.00 | NOTE |
Version: 0.2.1
Check: installed package size
Result: NOTE
installed size is 10.3Mb
sub-directories of 1Mb or more:
htmlwidgets 9.8Mb
Flavors: r-oldrel-macos-arm64, r-oldrel-macos-x86_64, r-oldrel-windows-x86_64