Last updated on 2025-05-06 03:51:13 CEST.
Flavor | Version | Tinstall | Tcheck | Ttotal | Status | Flags |
---|---|---|---|---|---|---|
r-devel-linux-x86_64-debian-clang | 0.2-0 | 7.92 | 60.69 | 68.61 | NOTE | |
r-devel-linux-x86_64-debian-gcc | 0.2-0 | 5.37 | 47.03 | 52.40 | NOTE | |
r-devel-linux-x86_64-fedora-clang | 0.2-0 | 107.96 | OK | |||
r-devel-linux-x86_64-fedora-gcc | 0.2-0 | 100.63 | OK | |||
r-devel-windows-x86_64 | 0.2-0 | 8.00 | 70.00 | 78.00 | OK | |
r-patched-linux-x86_64 | 0.2-0 | 6.76 | 57.73 | 64.49 | OK | |
r-release-linux-x86_64 | 0.2-0 | 7.05 | 58.74 | 65.79 | OK | |
r-release-macos-arm64 | 0.2-0 | 33.00 | OK | |||
r-release-macos-x86_64 | 0.2-0 | 58.00 | OK | |||
r-release-windows-x86_64 | 0.2-0 | 7.00 | 71.00 | 78.00 | OK | |
r-oldrel-macos-arm64 | 0.2-0 | 34.00 | NOTE | |||
r-oldrel-macos-x86_64 | 0.2-0 | 48.00 | NOTE | |||
r-oldrel-windows-x86_64 | 0.2-0 | 10.00 | 86.00 | 96.00 | NOTE |
Version: 0.2-0
Check: CRAN incoming feasibility
Result: NOTE
Maintainer: ‘Michael Hahsler <mhahsler@smu.edu>’
No Authors@R field in DESCRIPTION.
Please add one, modifying
Authors@R: person(given = "Michael",
family = "Hahsler",
role = c("aut", "cre"),
email = "mhahsler@smu.edu")
as necessary.
Flavors: r-devel-linux-x86_64-debian-clang, r-devel-linux-x86_64-debian-gcc
Version: 0.2-0
Check: installed package size
Result: NOTE
installed size is 9.1Mb
sub-directories of 1Mb or more:
data 9.0Mb
Flavors: r-oldrel-macos-arm64, r-oldrel-macos-x86_64, r-oldrel-windows-x86_64