CRAN Package Check Results for Package relevent

Last updated on 2025-05-04 03:51:04 CEST.

Flavor Version Tinstall Tcheck Ttotal Status Flags
r-devel-linux-x86_64-debian-clang 1.2-1 7.82 41.22 49.04 NOTE
r-devel-linux-x86_64-debian-gcc 1.2-1 6.65 30.58 37.23 NOTE
r-devel-linux-x86_64-fedora-clang 1.2-1 79.67 NOTE
r-devel-linux-x86_64-fedora-gcc 1.2-1 77.41 NOTE
r-devel-windows-x86_64 1.2-1 12.00 70.00 82.00 NOTE
r-patched-linux-x86_64 1.2-1 8.26 39.09 47.35 NOTE
r-release-linux-x86_64 NOTE
r-release-macos-arm64 1.2-1 27.00 NOTE
r-release-macos-x86_64 1.2-1 44.00 NOTE
r-release-windows-x86_64 1.2-1 13.00 60.00 73.00 NOTE
r-oldrel-macos-arm64 1.2-1 26.00 NOTE
r-oldrel-macos-x86_64 1.2-1 39.00 NOTE
r-oldrel-windows-x86_64 1.2-1 15.00 74.00 89.00 NOTE

Check Details

Version: 1.2-1
Check: CRAN incoming feasibility
Result: NOTE Maintainer: ‘Carter T. Butts <buttsc@uci.edu>’ No Authors@R field in DESCRIPTION. Please add one, modifying Authors@R: person(given = c("Carter", "T."), family = "Butts", role = c("aut", "cre"), email = "buttsc@uci.edu") as necessary. Flavors: r-devel-linux-x86_64-debian-clang, r-devel-linux-x86_64-debian-gcc

Version: 1.2-1
Check: Rd files
Result: NOTE checkRd: (-1) rem.dyad.Rd:121: Lost braces; missing escapes or markup? 121 | \item Single or multiple covariates, time varying: For \code{CovSnd}, \code{CovRec}, or \code{CovInt}, an \code{m} by \code{p} by {n} array whose respective dimensions index time (i.e., event number), covariate, and actor. For \code{CovEvent}, a \code{m} by \code{p} by \code{n} by \code{n} array, whose dimensions are analogous to the previous case. | ^ Flavors: r-devel-linux-x86_64-debian-clang, r-devel-linux-x86_64-debian-gcc, r-devel-linux-x86_64-fedora-clang, r-devel-linux-x86_64-fedora-gcc, r-devel-windows-x86_64, r-patched-linux-x86_64, r-release-linux-x86_64, r-release-macos-arm64, r-release-macos-x86_64, r-release-windows-x86_64, r-oldrel-macos-arm64, r-oldrel-macos-x86_64, r-oldrel-windows-x86_64