Last updated on 2025-05-06 03:51:13 CEST.
Flavor | Version | Tinstall | Tcheck | Ttotal | Status | Flags |
---|---|---|---|---|---|---|
r-devel-linux-x86_64-debian-clang | 1.0.0 | 2.02 | 25.02 | 27.04 | NOTE | |
r-devel-linux-x86_64-debian-gcc | 1.0.0 | 1.93 | 19.54 | 21.47 | NOTE | |
r-devel-linux-x86_64-fedora-clang | 1.0.0 | 44.77 | OK | |||
r-devel-linux-x86_64-fedora-gcc | 1.0.0 | 40.35 | OK | |||
r-devel-windows-x86_64 | 1.0.0 | 3.00 | 46.00 | 49.00 | OK | |
r-patched-linux-x86_64 | 1.0.0 | 2.58 | 24.28 | 26.86 | OK | |
r-release-linux-x86_64 | 1.0.0 | 2.22 | 24.92 | 27.14 | OK | |
r-release-macos-arm64 | 1.0.0 | 16.00 | OK | |||
r-release-macos-x86_64 | 1.0.0 | 30.00 | OK | |||
r-release-windows-x86_64 | 1.0.0 | 4.00 | 45.00 | 49.00 | OK | |
r-oldrel-macos-arm64 | 1.0.0 | 15.00 | OK | |||
r-oldrel-macos-x86_64 | 1.0.0 | 25.00 | OK | |||
r-oldrel-windows-x86_64 | 1.0.0 | 4.00 | 49.00 | 53.00 | OK |
Version: 1.0.0
Check: CRAN incoming feasibility
Result: NOTE
Maintainer: ‘Thomas P. Fuller <thomas.fuller@coherentlogic.com>’
No Authors@R field in DESCRIPTION.
Please add one, modifying
Authors@R: person(given = c("Thomas", "P."),
family = "Fuller",
role = c("aut", "cre"),
email = "thomas.fuller@coherentlogic.com")
as necessary.
Flavors: r-devel-linux-x86_64-debian-clang, r-devel-linux-x86_64-debian-gcc