Last updated on 2025-05-06 03:51:13 CEST.
Flavor | Version | Tinstall | Tcheck | Ttotal | Status | Flags |
---|---|---|---|---|---|---|
r-devel-linux-x86_64-debian-clang | 3.1-0 | 3.98 | 40.33 | 44.31 | NOTE | |
r-devel-linux-x86_64-debian-gcc | 3.1-0 | 2.76 | 30.27 | 33.03 | NOTE | |
r-devel-linux-x86_64-fedora-clang | 3.1-0 | 71.61 | OK | |||
r-devel-linux-x86_64-fedora-gcc | 3.1-0 | 80.06 | OK | |||
r-devel-windows-x86_64 | 3.1-0 | 5.00 | 57.00 | 62.00 | OK | |
r-patched-linux-x86_64 | 3.1-0 | 3.50 | 38.55 | 42.05 | OK | |
r-release-linux-x86_64 | 3.1-0 | 3.51 | 38.89 | 42.40 | OK | |
r-release-macos-arm64 | 3.1-0 | 32.00 | OK | |||
r-release-macos-x86_64 | 3.1-0 | 58.00 | OK | |||
r-release-windows-x86_64 | 3.1-0 | 6.00 | 56.00 | 62.00 | OK | |
r-oldrel-macos-arm64 | 3.1-0 | 27.00 | OK | |||
r-oldrel-macos-x86_64 | 3.1-0 | 42.00 | OK | |||
r-oldrel-windows-x86_64 | 3.1-0 | 7.00 | 67.00 | 74.00 | OK |
Version: 3.1-0
Check: CRAN incoming feasibility
Result: NOTE
Maintainer: ‘Michael C Koohafkan <michael.koohafkan@gmail.com>’
No Authors@R field in DESCRIPTION.
Please add one, modifying
Authors@R: person(given = c("Michael", "C"),
family = "Koohafkan",
role = c("aut", "cre"),
email = "michael.koohafkan@gmail.com")
as necessary.
Flavors: r-devel-linux-x86_64-debian-clang, r-devel-linux-x86_64-debian-gcc