Last updated on 2025-05-06 03:51:13 CEST.
Flavor | Version | Tinstall | Tcheck | Ttotal | Status | Flags |
---|---|---|---|---|---|---|
r-devel-linux-x86_64-debian-clang | 5.0.1 | 6.64 | 47.08 | 53.72 | NOTE | |
r-devel-linux-x86_64-debian-gcc | 5.0.1 | 4.05 | 33.87 | 37.92 | NOTE | |
r-devel-linux-x86_64-fedora-clang | 5.0.1 | 86.78 | NOTE | |||
r-devel-linux-x86_64-fedora-gcc | 5.0.1 | 74.02 | NOTE | |||
r-devel-windows-x86_64 | 5.0.1 | 8.00 | 70.00 | 78.00 | NOTE | |
r-patched-linux-x86_64 | 5.0.1 | 6.89 | 42.45 | 49.34 | NOTE | |
r-release-linux-x86_64 | 5.0.1 | 6.05 | 43.20 | 49.25 | NOTE | |
r-release-macos-arm64 | 5.0.1 | 27.00 | NOTE | |||
r-release-macos-x86_64 | 5.0.1 | 44.00 | NOTE | |||
r-release-windows-x86_64 | 5.0.1 | 9.00 | 71.00 | 80.00 | NOTE | |
r-oldrel-macos-arm64 | 5.0.1 | 31.00 | OK | |||
r-oldrel-macos-x86_64 | 5.0.1 | 46.00 | OK | |||
r-oldrel-windows-x86_64 | 5.0.1 | 10.00 | 80.00 | 90.00 | OK |
Version: 5.0.1
Check: DESCRIPTION meta-information
Result: NOTE
Missing dependency on R >= 4.1.0 because package code uses the pipe
|> or function shorthand \(...) syntax added in R 4.1.0.
File(s) using such syntax:
‘common_names.R’ ‘distribution.R’ ‘fb_tbl.R’
Flavors: r-devel-linux-x86_64-debian-clang, r-devel-linux-x86_64-debian-gcc, r-devel-linux-x86_64-fedora-clang, r-devel-linux-x86_64-fedora-gcc, r-devel-windows-x86_64, r-patched-linux-x86_64, r-release-linux-x86_64, r-release-macos-arm64, r-release-macos-x86_64, r-release-windows-x86_64