CRAN Package Check Results for Package rfishnet2

Last updated on 2025-05-04 03:51:04 CEST.

Flavor Version Tinstall Tcheck Ttotal Status Flags
r-devel-linux-x86_64-debian-clang 0.2.0 4.82 56.46 61.28 NOTE
r-devel-linux-x86_64-debian-gcc 0.2.0 3.29 40.26 43.55 NOTE
r-devel-linux-x86_64-fedora-clang 0.2.0 97.51 NOTE
r-devel-linux-x86_64-fedora-gcc 0.2.0 90.48 NOTE
r-devel-windows-x86_64 0.2.0 6.00 72.00 78.00 NOTE
r-patched-linux-x86_64 0.2.0 3.92 53.69 57.61 NOTE
r-release-linux-x86_64 NOTE
r-release-macos-arm64 0.2.0 27.00 NOTE
r-release-macos-x86_64 0.2.0 51.00 NOTE
r-release-windows-x86_64 0.2.0 7.00 70.00 77.00 NOTE
r-oldrel-macos-arm64 0.2.0 28.00 NOTE
r-oldrel-macos-x86_64 0.2.0 45.00 NOTE
r-oldrel-windows-x86_64 0.2.0 7.00 88.00 95.00 NOTE

Check Details

Version: 0.2.0
Check: package subdirectories
Result: NOTE Problems with news in ‘NEWS.md’: No news entries found. Flavors: r-devel-linux-x86_64-debian-clang, r-devel-linux-x86_64-debian-gcc, r-devel-linux-x86_64-fedora-clang, r-devel-linux-x86_64-fedora-gcc, r-devel-windows-x86_64, r-patched-linux-x86_64, r-release-linux-x86_64, r-release-macos-arm64, r-release-macos-x86_64, r-release-windows-x86_64, r-oldrel-macos-arm64, r-oldrel-macos-x86_64, r-oldrel-windows-x86_64

Version: 0.2.0
Check: dependencies in R code
Result: NOTE Namespace in Imports field not imported from: ‘sf’ All declared Imports should be used. Flavors: r-devel-linux-x86_64-fedora-clang, r-devel-linux-x86_64-fedora-gcc