Last updated on 2025-10-31 02:50:41 CET.
| Flavor | Version | Tinstall | Tcheck | Ttotal | Status | Flags | 
|---|---|---|---|---|---|---|
| r-devel-linux-x86_64-debian-clang | 0.1.0 | 4.43 | 43.27 | 47.70 | NOTE | |
| r-devel-linux-x86_64-debian-gcc | 0.1.0 | 2.78 | 32.90 | 35.68 | NOTE | |
| r-devel-linux-x86_64-fedora-clang | 0.1.0 | 67.85 | OK | |||
| r-devel-linux-x86_64-fedora-gcc | 0.1.0 | 16.00 | 53.46 | 69.46 | OK | |
| r-devel-windows-x86_64 | 0.1.0 | 8.00 | 56.00 | 64.00 | OK | |
| r-patched-linux-x86_64 | 0.1.0 | 4.26 | 39.61 | 43.87 | OK | |
| r-release-linux-x86_64 | 0.1.0 | 3.77 | 38.99 | 42.76 | OK | |
| r-release-macos-arm64 | 0.1.0 | 2.00 | 21.00 | 23.00 | OK | |
| r-release-macos-x86_64 | 0.1.0 | 4.00 | 37.00 | 41.00 | OK | |
| r-release-windows-x86_64 | 0.1.0 | 7.00 | 58.00 | 65.00 | OK | |
| r-oldrel-macos-arm64 | 0.1.0 | 2.00 | 21.00 | 23.00 | NOTE | |
| r-oldrel-macos-x86_64 | 0.1.0 | 4.00 | 31.00 | 35.00 | NOTE | |
| r-oldrel-windows-x86_64 | 0.1.0 | 9.00 | 70.00 | 79.00 | NOTE | 
Version: 0.1.0
Check: CRAN incoming feasibility
Result: NOTE
  Maintainer: ‘Alberto Almuiña <albertogonzalezalmuinha@gmail.com>’
  
  No Authors@R field in DESCRIPTION.
  Please add one, modifying
    Authors@R: person(given = "Alberto",
                      family = "Almuiña",
                      role = c("aut", "cre"),
                      email = "albertogonzalezalmuinha@gmail.com")
  as necessary.
Flavors: r-devel-linux-x86_64-debian-clang, r-devel-linux-x86_64-debian-gcc
Version: 0.1.0
Check: LazyData
Result: NOTE
    'LazyData' is specified without a 'data' directory
Flavors: r-oldrel-macos-arm64, r-oldrel-macos-x86_64, r-oldrel-windows-x86_64