CRAN Package Check Results for Package rifle

Last updated on 2025-05-04 03:51:04 CEST.

Flavor Version Tinstall Tcheck Ttotal Status Flags
r-devel-linux-x86_64-debian-clang 1.0 1.75 20.08 21.83 NOTE
r-devel-linux-x86_64-debian-gcc 1.0 1.36 16.49 17.85 NOTE
r-devel-linux-x86_64-fedora-clang 1.0 34.37 OK
r-devel-linux-x86_64-fedora-gcc 1.0 32.09 OK
r-devel-windows-x86_64 1.0 3.00 49.00 52.00 OK
r-patched-linux-x86_64 1.0 1.59 19.66 21.25 OK
r-release-linux-x86_64 OK
r-release-macos-arm64 1.0 15.00 OK
r-release-macos-x86_64 1.0 24.00 OK
r-release-windows-x86_64 1.0 2.00 41.00 43.00 OK
r-oldrel-macos-arm64 1.0 14.00 OK
r-oldrel-macos-x86_64 1.0 21.00 OK
r-oldrel-windows-x86_64 1.0 4.00 42.00 46.00 OK

Check Details

Version: 1.0
Check: CRAN incoming feasibility
Result: NOTE Maintainer: ‘Kean Ming Tan <ktan@umn.edu>’ No Authors@R field in DESCRIPTION. Please add one, modifying Authors@R: person(given = c("Kean", "Ming"), family = "Tan", role = c("aut", "cre"), email = "ktan@umn.edu") as necessary. The Description field contains Journal of the Royal Statistical Society: Series B. <arXiv:1604.08697>. Please refer to arXiv e-prints via their arXiv DOI <doi:10.48550/arXiv.YYMM.NNNNN>. Flavors: r-devel-linux-x86_64-debian-clang, r-devel-linux-x86_64-debian-gcc