Last updated on 2025-10-31 02:50:41 CET.
| Flavor | Version | Tinstall | Tcheck | Ttotal | Status | Flags | 
|---|---|---|---|---|---|---|
| r-devel-linux-x86_64-debian-clang | 1.0 | 1.73 | 21.43 | 23.16 | NOTE | |
| r-devel-linux-x86_64-debian-gcc | 1.0 | 1.33 | 18.08 | 19.41 | NOTE | |
| r-devel-linux-x86_64-fedora-clang | 1.0 | 34.75 | OK | |||
| r-devel-linux-x86_64-fedora-gcc | 1.0 | 34.79 | OK | |||
| r-devel-windows-x86_64 | 1.0 | 2.00 | 41.00 | 43.00 | OK | |
| r-patched-linux-x86_64 | 1.0 | 1.84 | 20.54 | 22.38 | OK | |
| r-release-linux-x86_64 | 1.0 | 1.62 | 20.59 | 22.21 | OK | |
| r-release-macos-arm64 | 1.0 | 1.00 | 14.00 | 15.00 | OK | |
| r-release-macos-x86_64 | 1.0 | 2.00 | 22.00 | 24.00 | OK | |
| r-release-windows-x86_64 | 1.0 | 3.00 | 41.00 | 44.00 | OK | |
| r-oldrel-macos-arm64 | 1.0 | 1.00 | 13.00 | 14.00 | OK | |
| r-oldrel-macos-x86_64 | 1.0 | 2.00 | 19.00 | 21.00 | OK | |
| r-oldrel-windows-x86_64 | 1.0 | 2.00 | 43.00 | 45.00 | OK | 
Version: 1.0
Check: CRAN incoming feasibility
Result: NOTE
  Maintainer: ‘Kean Ming Tan <ktan@umn.edu>’
  
  No Authors@R field in DESCRIPTION.
  Please add one, modifying
    Authors@R: person(given = c("Kean", "Ming"),
                      family = "Tan",
                      role = c("aut", "cre"),
                      email = "ktan@umn.edu")
  as necessary.
  
  The Description field contains
    Journal of the Royal Statistical Society: Series B. <arXiv:1604.08697>.
  Please refer to arXiv e-prints via their arXiv DOI <doi:10.48550/arXiv.YYMM.NNNNN>.
Flavors: r-devel-linux-x86_64-debian-clang, r-devel-linux-x86_64-debian-gcc