Last updated on 2025-05-06 03:51:14 CEST.
Flavor | Version | Tinstall | Tcheck | Ttotal | Status | Flags |
---|---|---|---|---|---|---|
r-devel-linux-x86_64-debian-clang | 0.1 | 10.69 | 21.19 | 31.88 | OK | |
r-devel-linux-x86_64-debian-gcc | 0.1 | 7.90 | 17.16 | 25.06 | OK | |
r-devel-linux-x86_64-fedora-clang | 0.1 | 54.64 | NOTE | |||
r-devel-linux-x86_64-fedora-gcc | 0.1 | 53.04 | NOTE | |||
r-devel-windows-x86_64 | 0.1 | 13.00 | 57.00 | 70.00 | OK | |
r-patched-linux-x86_64 | 0.1 | 10.99 | 20.47 | 31.46 | OK | |
r-release-linux-x86_64 | 0.1 | 10.45 | 20.42 | 30.87 | OK | |
r-release-macos-arm64 | 0.1 | 21.00 | OK | |||
r-release-macos-x86_64 | 0.1 | 38.00 | OK | |||
r-release-windows-x86_64 | 0.1 | 13.00 | 60.00 | 73.00 | OK | |
r-oldrel-macos-arm64 | 0.1 | 20.00 | NOTE | |||
r-oldrel-macos-x86_64 | 0.1 | 32.00 | NOTE | |||
r-oldrel-windows-x86_64 | 0.1 | 12.00 | 69.00 | 81.00 | NOTE |
Version: 0.1
Check: compiled code
Result: NOTE
File ‘rkvo/libs/rkvo.so’:
Found no calls to: ‘R_registerRoutines’, ‘R_useDynamicSymbols’
It is good practice to register native routines and to disable symbol
search.
See ‘Writing portable packages’ in the ‘Writing R Extensions’ manual.
Flavors: r-devel-linux-x86_64-fedora-clang, r-devel-linux-x86_64-fedora-gcc
Version: 0.1
Check: LazyData
Result: NOTE
'LazyData' is specified without a 'data' directory
Flavors: r-oldrel-macos-arm64, r-oldrel-macos-x86_64, r-oldrel-windows-x86_64