CRAN Package Check Results for Package rmpw

Last updated on 2025-05-06 03:51:14 CEST.

Flavor Version Tinstall Tcheck Ttotal Status Flags
r-devel-linux-x86_64-debian-clang 0.0.5 2.98 28.24 31.22 NOTE
r-devel-linux-x86_64-debian-gcc 0.0.5 2.68 21.60 24.28 NOTE
r-devel-linux-x86_64-fedora-clang 0.0.5 48.94 OK
r-devel-linux-x86_64-fedora-gcc 0.0.5 46.83 OK
r-devel-windows-x86_64 0.0.5 4.00 53.00 57.00 OK
r-patched-linux-x86_64 0.0.5 3.49 27.05 30.54 OK
r-release-linux-x86_64 0.0.5 3.29 27.12 30.41 OK
r-release-macos-arm64 0.0.5 21.00 OK
r-release-macos-x86_64 0.0.5 33.00 OK
r-release-windows-x86_64 0.0.5 5.00 53.00 58.00 OK
r-oldrel-macos-arm64 0.0.5 19.00 OK
r-oldrel-macos-x86_64 0.0.5 31.00 OK
r-oldrel-windows-x86_64 0.0.5 6.00 56.00 62.00 OK

Check Details

Version: 0.0.5
Check: CRAN incoming feasibility
Result: NOTE Maintainer: ‘Xu Qin <xuqin@uchicago.edu>’ No Authors@R field in DESCRIPTION. Please add one, modifying Authors@R: c(person(given = "Xu", family = "Qin", role = c("aut", "cre"), email = "xuqin@uchicago.edu"), person(given = "Guanglei", family = "Hong", role = "aut"), person(given = "Fan", family = "Yang", role = "aut")) as necessary. Flavors: r-devel-linux-x86_64-debian-clang, r-devel-linux-x86_64-debian-gcc