Last updated on 2025-07-03 03:49:51 CEST.
Flavor | Version | Tinstall | Tcheck | Ttotal | Status | Flags |
---|---|---|---|---|---|---|
r-devel-linux-x86_64-debian-clang | 0.3-1 | 7.61 | 59.77 | 67.38 | OK | |
r-devel-linux-x86_64-debian-gcc | 0.3-1 | 5.57 | 44.42 | 49.99 | OK | |
r-devel-linux-x86_64-fedora-clang | 0.3-1 | 104.65 | OK | |||
r-devel-linux-x86_64-fedora-gcc | 0.3-1 | 77.12 | OK | |||
r-devel-windows-x86_64 | 0.3-1 | 11.00 | 85.00 | 96.00 | OK | |
r-patched-linux-x86_64 | 0.3-1 | 6.16 | 56.41 | 62.57 | OK | |
r-release-linux-x86_64 | 0.3 | 5.87 | 57.61 | 63.48 | NOTE | |
r-release-macos-arm64 | 0.3 | 32.00 | OK | |||
r-release-macos-x86_64 | 0.3-1 | 57.00 | OK | |||
r-release-windows-x86_64 | 0.3 | 11.00 | 72.00 | 83.00 | NOTE | |
r-oldrel-macos-arm64 | 0.3 | 31.00 | OK | |||
r-oldrel-macos-x86_64 | 0.3-1 | 57.00 | OK | |||
r-oldrel-windows-x86_64 | 0.3-1 | 11.00 | 88.00 | 99.00 | OK |
Version: 0.3
Check: Rd cross-references
Result: NOTE
Found the following Rd file(s) with Rd \link{} targets missing package
anchors:
robreg3S.Rd: GSE
simulation-tools.Rd: generate.randcorr
Please provide package anchors for all Rd \link{} targets not in the
package itself and the base packages.
Flavors: r-release-linux-x86_64, r-release-windows-x86_64