Last updated on 2025-10-31 02:50:42 CET.
| Flavor | Version | Tinstall | Tcheck | Ttotal | Status | Flags | 
|---|---|---|---|---|---|---|
| r-devel-linux-x86_64-debian-clang | 0.1-2 | 2.42 | 27.38 | 29.80 | NOTE | |
| r-devel-linux-x86_64-debian-gcc | 0.1-2 | 2.02 | 22.04 | 24.06 | NOTE | |
| r-devel-linux-x86_64-fedora-clang | 0.1-2 | 44.48 | OK | |||
| r-devel-linux-x86_64-fedora-gcc | 0.1-2 | 11.00 | 33.37 | 44.37 | OK | |
| r-devel-windows-x86_64 | 0.1-2 | 4.00 | 46.00 | 50.00 | OK | |
| r-patched-linux-x86_64 | 0.1-2 | 2.47 | 26.05 | 28.52 | OK | |
| r-release-linux-x86_64 | 0.1-2 | 2.33 | 26.20 | 28.53 | OK | |
| r-release-macos-arm64 | 0.1-2 | 2.00 | 19.00 | 21.00 | OK | |
| r-release-macos-x86_64 | 0.1-2 | 3.00 | 40.00 | 43.00 | OK | |
| r-release-windows-x86_64 | 0.1-2 | 5.00 | 48.00 | 53.00 | OK | |
| r-oldrel-macos-arm64 | 0.1-2 | 1.00 | 24.00 | 25.00 | OK | |
| r-oldrel-macos-x86_64 | 0.1-2 | 2.00 | 27.00 | 29.00 | OK | |
| r-oldrel-windows-x86_64 | 0.1-2 | 5.00 | 53.00 | 58.00 | OK | 
Version: 0.1-2
Check: CRAN incoming feasibility
Result: NOTE
  Maintainer: ‘Paul Murrell <paul@stat.auckland.ac.nz>’
  
  No Authors@R field in DESCRIPTION.
  Please add one, modifying
    Authors@R: person(given = "Paul",
                      family = "Murrell",
                      role = c("aut", "cre"),
                      email = "paul@stat.auckland.ac.nz")
  as necessary.
Flavors: r-devel-linux-x86_64-debian-clang, r-devel-linux-x86_64-debian-gcc