Last updated on 2025-05-04 03:51:05 CEST.
Flavor | Version | Tinstall | Tcheck | Ttotal | Status | Flags |
---|---|---|---|---|---|---|
r-devel-linux-x86_64-debian-clang | 3.1.2 | 8.55 | 48.80 | 57.35 | NOTE | |
r-devel-linux-x86_64-debian-gcc | 3.1.2 | 5.50 | 34.60 | 40.10 | NOTE | |
r-devel-linux-x86_64-fedora-clang | 3.1.2 | 92.44 | OK | |||
r-devel-linux-x86_64-fedora-gcc | 3.1.2 | 95.37 | OK | |||
r-devel-windows-x86_64 | 3.1.2 | 9.00 | 70.00 | 79.00 | NOTE | |
r-patched-linux-x86_64 | 3.1.2 | 8.14 | 46.27 | 54.41 | NOTE | |
r-release-linux-x86_64 | NOTE | |||||
r-release-macos-arm64 | 3.1.2 | 28.00 | OK | |||
r-release-macos-x86_64 | 3.1.2 | 48.00 | OK | |||
r-release-windows-x86_64 | 3.1.2 | 10.00 | 61.00 | 71.00 | NOTE | |
r-oldrel-macos-arm64 | 3.1.2 | 34.00 | OK | |||
r-oldrel-macos-x86_64 | 3.1.2 | 40.00 | OK | |||
r-oldrel-windows-x86_64 | 3.1.2 | 11.00 | 76.00 | 87.00 | OK |
Version: 3.1.2
Check: CRAN incoming feasibility
Result: NOTE
Maintainer: ‘Stephen Milborrow <milbo@sonic.net>’
No Authors@R field in DESCRIPTION.
Please add one, modifying
Authors@R: person(given = "Stephen",
family = "Milborrow",
role = c("aut", "cre"),
email = "milbo@sonic.net")
as necessary.
Flavors: r-devel-linux-x86_64-debian-clang, r-devel-linux-x86_64-debian-gcc
Version: 3.1.2
Check: Rd cross-references
Result: NOTE
Found the following Rd file(s) with Rd \link{} targets missing package
anchors:
prp.Rd: rpart, rpart.object, text.rpart, plot.rpart
rpart.plot.Rd: rpart, text.rpart, plot.rpart
rpart.predict.Rd: predict.rpart
rpart.rules.Rd: rpart
Please provide package anchors for all Rd \link{} targets not in the
package itself and the base packages.
Flavors: r-devel-linux-x86_64-debian-clang, r-devel-linux-x86_64-debian-gcc, r-devel-windows-x86_64, r-patched-linux-x86_64, r-release-linux-x86_64, r-release-windows-x86_64