CRAN Package Check Results for Package rpql

Last updated on 2025-05-04 03:51:05 CEST.

Flavor Version Tinstall Tcheck Ttotal Status Flags
r-devel-linux-x86_64-debian-clang 0.8.1 26.65 68.67 95.32 NOTE
r-devel-linux-x86_64-debian-gcc 0.8.1 18.00 52.76 70.76 NOTE
r-devel-linux-x86_64-fedora-clang 0.8.1 159.82 NOTE
r-devel-linux-x86_64-fedora-gcc 0.8.1 158.62 NOTE
r-devel-windows-x86_64 0.8.1 30.00 98.00 128.00 NOTE
r-patched-linux-x86_64 0.8.1 25.03 65.94 90.97 NOTE
r-release-linux-x86_64 NOTE
r-release-macos-arm64 0.8.1 46.00 NOTE
r-release-macos-x86_64 0.8.1 81.00 NOTE
r-release-windows-x86_64 0.8.1 31.00 97.00 128.00 NOTE
r-oldrel-macos-arm64 0.8.1 44.00 NOTE
r-oldrel-macos-x86_64 0.8.1 64.00 NOTE
r-oldrel-windows-x86_64 0.8.1 37.00 119.00 156.00 NOTE

Check Details

Version: 0.8.1
Check: CRAN incoming feasibility
Result: NOTE Maintainer: ‘Francis Hui <fhui28@gmail.com>’ No Authors@R field in DESCRIPTION. Please add one, modifying Authors@R: c(person(given = c("Francis", "K.C."), family = "Hui", role = "aut", email = "francis.hui@gmail.com"), person(given = c("with", "contributions", "from", "Samuel"), family = "Mueller", role = "aut", email = "samuel.mueller@sydney.edu.au"), person(given = "A.H.", family = "Welsh", role = "aut", email = "Alan.Welsh@anu.edu.au"), person(given = "Francis", family = "Hui", role = "cre", email = "fhui28@gmail.com")) as necessary. Flavors: r-devel-linux-x86_64-debian-clang, r-devel-linux-x86_64-debian-gcc

Version: 0.8.1
Check: Rd files
Result: NOTE checkRd: (-1) rpql.Rd:64: Lost braces in \itemize; meant \describe ? checkRd: (-1) rpql.Rd:66: Lost braces in \itemize; meant \describe ? checkRd: (-1) rpql.Rd:68: Lost braces in \itemize; meant \describe ? checkRd: (-1) rpql.Rd:70: Lost braces in \itemize; meant \describe ? checkRd: (-1) rpql.Rd:72: Lost braces in \itemize; meant \describe ? checkRd: (-1) rpql.Rd:74: Lost braces in \itemize; meant \describe ? Flavors: r-devel-linux-x86_64-debian-clang, r-devel-linux-x86_64-debian-gcc, r-devel-linux-x86_64-fedora-clang, r-devel-linux-x86_64-fedora-gcc, r-devel-windows-x86_64, r-patched-linux-x86_64, r-release-linux-x86_64, r-release-macos-arm64, r-release-macos-x86_64, r-release-windows-x86_64, r-oldrel-macos-arm64, r-oldrel-macos-x86_64, r-oldrel-windows-x86_64

Version: 0.8.1
Check: Rd cross-references
Result: NOTE Found the following Rd file(s) with Rd \link{} targets missing package anchors: nb2.Rd: negative.binomial Please provide package anchors for all Rd \link{} targets not in the package itself and the base packages. Flavors: r-devel-linux-x86_64-debian-clang, r-devel-linux-x86_64-debian-gcc, r-devel-windows-x86_64, r-patched-linux-x86_64, r-release-linux-x86_64, r-release-windows-x86_64