CRAN Package Check Results for Package rwa

Last updated on 2025-07-04 03:50:37 CEST.

Flavor Version Tinstall Tcheck Ttotal Status Flags
r-devel-linux-x86_64-debian-clang 0.0.3 5.77 45.76 51.53 NOTE
r-devel-linux-x86_64-debian-gcc 0.0.3 4.04 33.07 37.11 NOTE
r-devel-linux-x86_64-fedora-clang 0.0.3 77.81 OK
r-devel-linux-x86_64-fedora-gcc 0.0.3 71.29 OK
r-devel-windows-x86_64 0.0.3 7.00 57.00 64.00 OK
r-patched-linux-x86_64 0.0.3 4.24 40.41 44.65 OK
r-release-linux-x86_64 0.0.3 5.78 40.47 46.25 OK
r-release-macos-arm64 0.0.3 24.00 OK
r-release-macos-x86_64 0.0.3 43.00 OK
r-release-windows-x86_64 0.0.3 8.00 59.00 67.00 OK
r-oldrel-macos-arm64 0.0.3 24.00 NOTE
r-oldrel-macos-x86_64 0.0.3 55.00 NOTE
r-oldrel-windows-x86_64 0.0.3 8.00 69.00 77.00 NOTE

Check Details

Version: 0.0.3
Check: CRAN incoming feasibility
Result: NOTE Maintainer: ‘Martin Chan <martinchan53@gmail.com>’ No Authors@R field in DESCRIPTION. Please add one, modifying Authors@R: person(given = "Martin", family = "Chan", role = c("aut", "cre"), email = "martinchan53@gmail.com") as necessary. Flavors: r-devel-linux-x86_64-debian-clang, r-devel-linux-x86_64-debian-gcc

Version: 0.0.3
Check: LazyData
Result: NOTE 'LazyData' is specified without a 'data' directory Flavors: r-oldrel-macos-arm64, r-oldrel-macos-x86_64, r-oldrel-windows-x86_64