Last updated on 2025-05-06 03:51:15 CEST.
Flavor | Version | Tinstall | Tcheck | Ttotal | Status | Flags |
---|---|---|---|---|---|---|
r-devel-linux-x86_64-debian-clang | 3.1-40 | 5.85 | 49.55 | 55.40 | NOTE | |
r-devel-linux-x86_64-debian-gcc | 3.1-40 | 4.07 | 37.11 | 41.18 | NOTE | |
r-devel-linux-x86_64-fedora-clang | 3.1-40 | 93.01 | NOTE | |||
r-devel-linux-x86_64-fedora-gcc | 3.1-40 | 89.36 | NOTE | |||
r-devel-windows-x86_64 | 3.1-40 | 7.00 | 80.00 | 87.00 | NOTE | |
r-patched-linux-x86_64 | 3.1-40 | 6.94 | 47.24 | 54.18 | NOTE | |
r-release-linux-x86_64 | 3.1-40 | 5.32 | 47.46 | 52.78 | NOTE | |
r-release-macos-arm64 | 3.1-40 | 28.00 | NOTE | |||
r-release-macos-x86_64 | 3.1-40 | 52.00 | NOTE | |||
r-release-windows-x86_64 | 3.1-40 | 7.00 | 78.00 | 85.00 | NOTE | |
r-oldrel-macos-arm64 | 3.1-40 | 27.00 | NOTE | |||
r-oldrel-macos-x86_64 | 3.1-40 | 43.00 | NOTE | |||
r-oldrel-windows-x86_64 | 3.1-40 | 8.00 | 91.00 | 99.00 | NOTE |
Version: 3.1-40
Check: Rd files
Result: NOTE
checkRd: (-1) ciReg.Rd:10: Lost braces
10 | \item{fit}{an object of class{lm}, i.e. the output from \code{\link{lm}}.}
| ^
Flavors: r-devel-linux-x86_64-debian-clang, r-devel-linux-x86_64-debian-gcc, r-devel-linux-x86_64-fedora-clang, r-devel-linux-x86_64-fedora-gcc, r-devel-windows-x86_64, r-patched-linux-x86_64, r-release-linux-x86_64, r-release-macos-arm64, r-release-macos-x86_64, r-release-windows-x86_64, r-oldrel-macos-arm64, r-oldrel-macos-x86_64, r-oldrel-windows-x86_64