Last updated on 2025-05-04 03:51:05 CEST.
Flavor | Version | Tinstall | Tcheck | Ttotal | Status | Flags |
---|---|---|---|---|---|---|
r-devel-linux-x86_64-debian-clang | 1.1-1 | 13.43 | 92.19 | 105.62 | NOTE | |
r-devel-linux-x86_64-debian-gcc | 1.1-1 | 8.85 | 68.13 | 76.98 | NOTE | |
r-devel-linux-x86_64-fedora-clang | 1.1-1 | 162.43 | OK | |||
r-devel-linux-x86_64-fedora-gcc | 1.1-1 | 167.48 | OK | |||
r-devel-windows-x86_64 | 1.1-1 | 13.00 | 102.00 | 115.00 | NOTE | |
r-patched-linux-x86_64 | 1.1-1 | 9.88 | 87.40 | 97.28 | NOTE | |
r-release-linux-x86_64 | NOTE | |||||
r-release-macos-arm64 | 1.1-1 | 45.00 | OK | |||
r-release-macos-x86_64 | 1.1-1 | 94.00 | OK | |||
r-release-windows-x86_64 | 1.1-1 | 12.00 | 94.00 | 106.00 | NOTE | |
r-oldrel-macos-arm64 | 1.1-1 | 44.00 | OK | |||
r-oldrel-macos-x86_64 | 1.1-1 | 82.00 | OK | |||
r-oldrel-windows-x86_64 | 1.1-1 | 17.00 | 117.00 | 134.00 | OK |
Version: 1.1-1
Check: CRAN incoming feasibility
Result: NOTE
Maintainer: ‘Martin Sill <m.sill@dkfz.de>’
No Authors@R field in DESCRIPTION.
Please add one, modifying
Authors@R: c(person(given = "Martin",
family = "Sill",
role = c("aut", "cre"),
email = "m.sill@dkfz.de"),
person(given = "Sebastian",
family = "Kaiser",
role = "aut"))
as necessary.
Flavors: r-devel-linux-x86_64-debian-clang, r-devel-linux-x86_64-debian-gcc
Version: 1.1-1
Check: Rd cross-references
Result: NOTE
Found the following Rd file(s) with Rd \link{} targets missing package
anchors:
BCs4vd.Rd: biclust, Biclust
BCssvd.Rd: biclust, Biclust
Please provide package anchors for all Rd \link{} targets not in the
package itself and the base packages.
Flavors: r-devel-linux-x86_64-debian-clang, r-devel-linux-x86_64-debian-gcc, r-devel-windows-x86_64, r-patched-linux-x86_64, r-release-linux-x86_64, r-release-windows-x86_64