Last updated on 2025-05-04 03:51:07 CEST.
Flavor | Version | Tinstall | Tcheck | Ttotal | Status | Flags |
---|---|---|---|---|---|---|
r-devel-linux-x86_64-debian-clang | 1.0.0 | 5.92 | 54.25 | 60.17 | NOTE | |
r-devel-linux-x86_64-debian-gcc | 1.0.0 | 4.85 | 40.89 | 45.74 | NOTE | |
r-devel-linux-x86_64-fedora-clang | 1.0.0 | 98.96 | OK | |||
r-devel-linux-x86_64-fedora-gcc | 1.0.0 | 96.84 | OK | |||
r-devel-windows-x86_64 | 1.0.0 | 8.00 | 80.00 | 88.00 | OK | |
r-patched-linux-x86_64 | 1.0.0 | 6.62 | 51.61 | 58.23 | OK | |
r-release-linux-x86_64 | OK | |||||
r-release-macos-arm64 | 1.0.0 | 36.00 | OK | |||
r-release-macos-x86_64 | 1.0.0 | 70.00 | OK | |||
r-release-windows-x86_64 | 1.0.0 | 7.00 | 72.00 | 79.00 | OK | |
r-oldrel-macos-arm64 | 1.0.0 | 31.00 | NOTE | |||
r-oldrel-macos-x86_64 | 1.0.0 | 45.00 | NOTE | |||
r-oldrel-windows-x86_64 | 1.0.0 | 9.00 | 81.00 | 90.00 | NOTE |
Version: 1.0.0
Check: CRAN incoming feasibility
Result: NOTE
Maintainer: ‘Attila Csala <a@csala.me>’
Found the following URLs which should use \doi (with the DOI name only):
File ‘sRDA.Rd’:
https://doi.org/10.1093/bioinformatics/btx374
Flavors: r-devel-linux-x86_64-debian-clang, r-devel-linux-x86_64-debian-gcc
Version: 1.0.0
Check: LazyData
Result: NOTE
'LazyData' is specified without a 'data' directory
Flavors: r-oldrel-macos-arm64, r-oldrel-macos-x86_64, r-oldrel-windows-x86_64