Last updated on 2025-05-07 03:51:13 CEST.
Flavor | Version | Tinstall | Tcheck | Ttotal | Status | Flags |
---|---|---|---|---|---|---|
r-devel-linux-x86_64-debian-clang | 1.2 | 9.99 | 45.64 | 55.63 | NOTE | |
r-devel-linux-x86_64-debian-gcc | 1.2 | 6.37 | 34.65 | 41.02 | NOTE | |
r-devel-linux-x86_64-fedora-clang | 1.2 | 93.97 | NOTE | |||
r-devel-linux-x86_64-fedora-gcc | 1.2 | 106.49 | NOTE | |||
r-devel-windows-x86_64 | 1.2 | 8.00 | 65.00 | 73.00 | NOTE | |
r-patched-linux-x86_64 | 1.2 | 9.37 | 44.06 | 53.43 | NOTE | |
r-release-linux-x86_64 | 1.2 | 8.62 | 44.49 | 53.11 | NOTE | |
r-release-macos-arm64 | 1.2 | 43.00 | NOTE | |||
r-release-macos-x86_64 | 1.2 | 62.00 | NOTE | |||
r-release-windows-x86_64 | 1.2 | 9.00 | 67.00 | 76.00 | NOTE | |
r-oldrel-macos-arm64 | 1.2 | 52.00 | OK | |||
r-oldrel-macos-x86_64 | 1.2 | 101.00 | OK | |||
r-oldrel-windows-x86_64 | 1.2 | 11.00 | 78.00 | 89.00 | OK |
Version: 1.2
Check: DESCRIPTION meta-information
Result: NOTE
Missing dependency on R >= 4.1.0 because package code uses the pipe
|> or function shorthand \(...) syntax added in R 4.1.0.
File(s) using such syntax:
‘class-2-differential.r’ ‘dual-apply.r’ ‘dual-math.r’
‘dual-summary.r’ ‘dual-test-near-equality.r’ ‘dual.r’ ‘dualFun1.Rd’
Flavors: r-devel-linux-x86_64-debian-clang, r-devel-linux-x86_64-debian-gcc, r-devel-linux-x86_64-fedora-clang, r-devel-linux-x86_64-fedora-gcc, r-devel-windows-x86_64, r-patched-linux-x86_64, r-release-linux-x86_64, r-release-macos-arm64, r-release-macos-x86_64, r-release-windows-x86_64