CRAN Package Check Results for Package samplingVarEst

Last updated on 2025-05-04 03:51:05 CEST.

Flavor Version Tinstall Tcheck Ttotal Status Flags
r-devel-linux-x86_64-debian-clang 1.5 9.04 44.23 53.27 NOTE
r-devel-linux-x86_64-debian-gcc 1.5 6.68 32.03 38.71 NOTE
r-devel-linux-x86_64-fedora-clang 1.5 83.02 OK
r-devel-linux-x86_64-fedora-gcc 1.5 82.04 OK
r-devel-windows-x86_64 1.5 17.00 78.00 95.00 OK
r-patched-linux-x86_64 1.5 10.65 40.79 51.44 OK
r-release-linux-x86_64 OK
r-release-macos-arm64 1.5 28.00 OK
r-release-macos-x86_64 1.5 60.00 OK
r-release-windows-x86_64 1.5 21.00 85.00 106.00 OK
r-oldrel-macos-arm64 1.5 26.00 OK
r-oldrel-macos-x86_64 1.5 37.00 OK
r-oldrel-windows-x86_64 1.5 18.00 73.00 91.00 OK

Check Details

Version: 1.5
Check: CRAN incoming feasibility
Result: NOTE Maintainer: ‘Emilio Lopez Escobar <emilio@quantos.mx>’ No Authors@R field in DESCRIPTION. Please add one, modifying Authors@R: c(person(given = c("Emilio", "Lopez"), family = "Escobar", role = c("aut", "cre", "cph"), email = "emilio@quantos.mx"), person(given = c("Ernesto", "Barrios"), family = "Zamudio", role = "ctb", email = "ebarrios@itam.mx"), person(given = c("Juan", "Francisco", "Munoz"), family = "Rosas", role = "ctb", email = "jfmunoz@go.ugr.es")) as necessary. Package CITATION file contains call(s) to old-style personList() or as.personList(). Please use c() on person objects instead. Package CITATION file contains call(s) to old-style citEntry(). Please use bibentry() instead. Flavors: r-devel-linux-x86_64-debian-clang, r-devel-linux-x86_64-debian-gcc