Last updated on 2025-05-04 03:51:05 CEST.
Flavor | Version | Tinstall | Tcheck | Ttotal | Status | Flags |
---|---|---|---|---|---|---|
r-devel-linux-x86_64-debian-clang | 1.1.0 | 4.96 | 48.38 | 53.34 | NOTE | |
r-devel-linux-x86_64-debian-gcc | 1.1.0 | 3.66 | 36.41 | 40.07 | NOTE | |
r-devel-linux-x86_64-fedora-clang | 1.1.0 | 89.45 | OK | |||
r-devel-linux-x86_64-fedora-gcc | 1.1.0 | 87.45 | OK | |||
r-devel-windows-x86_64 | 1.1.0 | 6.00 | 81.00 | 87.00 | NOTE | |
r-patched-linux-x86_64 | 1.1.0 | 6.30 | 47.20 | 53.50 | NOTE | |
r-release-linux-x86_64 | NOTE | |||||
r-release-macos-arm64 | 1.1.0 | 32.00 | OK | |||
r-release-macos-x86_64 | 1.1.0 | 51.00 | OK | |||
r-release-windows-x86_64 | 1.1.0 | 6.00 | 71.00 | 77.00 | NOTE | |
r-oldrel-macos-arm64 | 1.1.0 | 25.00 | OK | |||
r-oldrel-macos-x86_64 | 1.1.0 | 44.00 | OK | |||
r-oldrel-windows-x86_64 | 1.1.0 | 9.00 | 84.00 | 93.00 | OK |
Version: 1.1.0
Check: CRAN incoming feasibility
Result: NOTE
Maintainer: ‘Héctor Villalobos <hvillalo@ipn.mx>’
No Authors@R field in DESCRIPTION.
Please add one, modifying
Authors@R: c(person(given = "Héctor",
family = "Villalobos",
role = c("aut", "cre"),
email = "hvillalo@ipn.mx"),
person(given = "Eduardo",
family = "González-Rodríguez",
role = "aut",
email = "egonzale@cicese.mx"))
as necessary.
Flavors: r-devel-linux-x86_64-debian-clang, r-devel-linux-x86_64-debian-gcc
Version: 1.1.0
Check: Rd cross-references
Result: NOTE
Found the following Rd file(s) with Rd \link{} targets missing package
anchors:
crop.Rd: getpoly
isolines.Rd: convCP, PolySet
Please provide package anchors for all Rd \link{} targets not in the
package itself and the base packages.
Flavors: r-devel-linux-x86_64-debian-clang, r-devel-linux-x86_64-debian-gcc, r-devel-windows-x86_64, r-patched-linux-x86_64, r-release-linux-x86_64, r-release-windows-x86_64